{"id":8861,"date":"2023-10-06T21:07:32","date_gmt":"2023-10-07T02:07:32","guid":{"rendered":"https:\/\/hsdp.gov.co\/portal\/?page_id=8861"},"modified":"2023-10-06T21:12:18","modified_gmt":"2023-10-07T02:12:18","slug":"2022-01","status":"publish","type":"page","link":"https:\/\/hsdp.gov.co\/portal\/2022-01\/","title":{"rendered":"2022 &#8211; 01"},"content":{"rendered":"\n<div class=\"container section-title-container\" ><h3 class=\"section-title section-title-center\"><b><\/b><span class=\"section-title-main\" style=\"color:rgb(98, 155, 108);\">PROYECTOS 2022 - 01<\/span><b><\/b><\/h3><\/div><!-- .section-title -->\n\n<ul>\n<li>\n<h4><a href=\"https:\/\/hsdp.gov.co\/portal\/wp-content\/uploads\/2023\/10\/PROMOVER-PRACTICAS-DE-CUIDADOS-SEGUROS-EN-EL-PERSONAL-DE-ENFERMERIA-DEL-AREA-DE-ADMISION-DEL-SERVICIO-DE-URGENCIAS-.pdf\">PROMOVER PR\u00c1CTICAS DE CUIDADOS SEGUROS EN EL PERSONAL DE ENFERMER\u00cdA DEL \u00c1REA DE ADMISI\u00d3N DEL SERVICIO DE URGENCIAS<\/a><\/h4>\n<\/li>\n<li>\n<h4><a href=\"https:\/\/hsdp.gov.co\/portal\/wp-content\/uploads\/2023\/10\/FORTALECER-LAS-PRACTICAS-DE-CUIDADO-ESTABLECIDAS-EN-LA-RUTA-DE-ATENCION-INTEGRAL-MATERNO-PERINATAL.pdf\">FORTALECER LAS PRACTICAS DE CUIDADO ESTABLECIDAS EN LA RUTA DE ATENCI\u00d3N INTEGRAL MATERNO PERINATAL<\/a><\/h4>\n<\/li>\n<li>\n<h4><a href=\"https:\/\/hsdp.gov.co\/portal\/wp-content\/uploads\/2023\/10\/PROMOVER-EL-AUTOCUIDADO-EN-LOS-PACIENTES-POR-PARTE-DEL-PERSONAL-DE-ENFERMERIA-DEL-SERVICIO-DE-MEDICINA-INTERNA-ALA-B-.pdf\">PROMOVER EL AUTOCUIDADO EN LOS PACIENTES POR PARTE DEL PERSONAL DE ENFERMER\u00cdA DEL SERVICIO DE MEDICINA INTERNA ALA B<\/a><\/h4>\n<\/li>\n<li>\n<h4><a href=\"https:\/\/hsdp.gov.co\/portal\/wp-content\/uploads\/2023\/10\/CARTILLA-CAP-PAMPLONA-2022-I.pdf\">CARTILLA CAP PAMPLONA 2022-I<\/a><\/h4>\n<\/li>\n<\/ul>\n\n","protected":false},"excerpt":{"rendered":"<p>PROMOVER PR\u00c1CTICAS DE CUIDADOS SEGUROS EN EL PERSONAL DE ENFERMER\u00cdA DEL \u00c1REA DE ADMISI\u00d3N DEL SERVICIO DE URGENCIAS FORTALECER LAS PRACTICAS DE CUIDADO ESTABLECIDAS EN LA RUTA DE ATENCI\u00d3N INTEGRAL MATERNO PERINATAL PROMOVER EL AUTOCUIDADO EN LOS PACIENTES POR PARTE DEL PERSONAL DE ENFERMER\u00cdA DEL SERVICIO DE MEDICINA INTERNA ALA B CARTILLA CAP PAMPLONA 2022-I<\/p>\n","protected":false},"author":1,"featured_media":0,"parent":0,"menu_order":0,"comment_status":"closed","ping_status":"closed","template":"","meta":{"footnotes":""},"_links":{"self":[{"href":"https:\/\/hsdp.gov.co\/portal\/wp-json\/wp\/v2\/pages\/8861"}],"collection":[{"href":"https:\/\/hsdp.gov.co\/portal\/wp-json\/wp\/v2\/pages"}],"about":[{"href":"https:\/\/hsdp.gov.co\/portal\/wp-json\/wp\/v2\/types\/page"}],"author":[{"embeddable":true,"href":"https:\/\/hsdp.gov.co\/portal\/wp-json\/wp\/v2\/users\/1"}],"replies":[{"embeddable":true,"href":"https:\/\/hsdp.gov.co\/portal\/wp-json\/wp\/v2\/comments?post=8861"}],"version-history":[{"count":2,"href":"https:\/\/hsdp.gov.co\/portal\/wp-json\/wp\/v2\/pages\/8861\/revisions"}],"predecessor-version":[{"id":8867,"href":"https:\/\/hsdp.gov.co\/portal\/wp-json\/wp\/v2\/pages\/8861\/revisions\/8867"}],"wp:attachment":[{"href":"https:\/\/hsdp.gov.co\/portal\/wp-json\/wp\/v2\/media?parent=8861"}],"curies":[{"name":"wp","href":"https:\/\/api.w.org\/{rel}","templated":true}]}}