{"id":8844,"date":"2023-10-06T20:30:44","date_gmt":"2023-10-07T01:30:44","guid":{"rendered":"https:\/\/hsdp.gov.co\/portal\/?page_id=8844"},"modified":"2023-10-06T21:10:26","modified_gmt":"2023-10-07T02:10:26","slug":"2022-02","status":"publish","type":"page","link":"https:\/\/hsdp.gov.co\/portal\/2022-02\/","title":{"rendered":"2022-02"},"content":{"rendered":"\n<div class=\"container section-title-container\" ><h3 class=\"section-title section-title-center\"><b><\/b><span class=\"section-title-main\" style=\"color:rgb(98, 155, 108);\">PROYECTOS 2022 - 02<\/span><b><\/b><\/h3><\/div><!-- .section-title -->\n\n<ul>\n<li>\n<h4><a href=\"https:\/\/hsdp.gov.co\/portal\/wp-content\/uploads\/2023\/10\/PROMOCION-DE-LA-SALUD-PARA-EL-AUTOCUIDADO-EN-LAS-USUARIAS-QUE-ASISTEN-AL-SERVICIO-DE-TAMIZAJE-DE-CANCER-DE-CUELLO-UTERINO-.pdf\">PROMOCI\u00d3N DE LA SALUD PARA EL AUTOCUIDADO EN LAS USUARIAS QUE ASISTEN AL SERVICIO DE TAMIZAJE DE C\u00c1NCER DE CUELLO UTERINO<\/a><\/h4>\n<\/li>\n<li>\n<h4><a href=\"https:\/\/hsdp.gov.co\/portal\/wp-content\/uploads\/2023\/10\/ADOPCION-DEL-LINEAMIENTO-Y-PROTOCOLO-DE-LA-VIGILANCIA-INTEGRADA-DE-LA-RABIA.pdf\">ADOPCI\u00d3N DEL LINEAMIENTO Y PROTOCOLO DE LA VIGILANCIA INTEGRADA DE LA RABIA<\/a><\/h4>\n<\/li>\n<li>\n<h4><a href=\"https:\/\/hsdp.gov.co\/portal\/wp-content\/uploads\/2023\/10\/CARTILLA-CAP-2022-2.pdf\">CARTILLA CAP 2022-2<\/a><\/h4>\n<\/li>\n<li>\n<h4><a href=\"https:\/\/hsdp.gov.co\/portal\/wp-content\/uploads\/2023\/10\/DIAPOSITIVAS-PROYECTO-DE-MARCO-LOGICO-FINAL-HENYY-RAMIREZ.pdf\">DIAPOSITIVAS PROYECTO DE MARCO L\u00d3GICO FINAL HENYY RAMIREZ<\/a><\/h4>\n<\/li>\n<li>\n<h4><a href=\"https:\/\/hsdp.gov.co\/portal\/wp-content\/uploads\/2023\/10\/EDUCACION-PARA-LA-PROMOCION-EN-SALUD-Y-DETECCION-DE-RIESGOS-EN-LOS-USUARIOS-EN-EL-INGRESO-Y-EGRESO.pdf\">EDUCACI\u00d3N PARA LA PROMOCI\u00d3N EN SALUD Y DETECCI\u00d3N DE RIESGOS EN LOS USUARIOS EN EL INGRESO Y EGRESO<\/a><\/h4>\n<\/li>\n<li>\n<h4><a href=\"https:\/\/hsdp.gov.co\/portal\/wp-content\/uploads\/2023\/10\/FOMENTAR-LA-COMUNICACION-EFECTIVA-ENFERMERA-PACIENTE-COMO-UNA-ESTRATEGIA-DE-FAVORECER-EL-AUTOCUIDADO-EN-EL-SERVICIO-DE-HOSPITALIZACION-GINECO-PEDIADTRICA.pdf\">FOMENTAR LA COMUNICACI\u00d3N EFECTIVA ENFERMERA- PACIENTE COMO UNA ESTRATEGIA DE FAVORECER EL AUTOCUIDADO EN EL SERVICIO DE HOSPITALIZACION GINECO- PEDIADTRICA<\/a><\/h4>\n<\/li>\n<li>\n<h4><a href=\"https:\/\/hsdp.gov.co\/portal\/wp-content\/uploads\/2023\/10\/FORTALECER-ATENCION-PRIMARIA-EN-SALUD-DEL-SERVICIO-DE-CITOLOGIAS.pdf\">FORTALECER ATENCI\u00d3N PRIMARIA EN SALUD DEL SERVICIO DE CITOLOG\u00cdAS<\/a><\/h4>\n<\/li>\n<li>\n<h4><a href=\"https:\/\/hsdp.gov.co\/portal\/wp-content\/uploads\/2023\/10\/FORTALECER-EL-ACTO-DE-CUIDADO-EN-RELACION-AL-FOMENTO-DE-LA-AUTOESTIMA-EN-LAS-GESTANTES-USUARIAS-DE-LA-RUTA-MATERNO-PERINATAL.pdf\">FORTALECER EL ACTO DE CUIDADO EN RELACI\u00d3N AL FOMENTO DE LA AUTOESTIMA EN LAS GESTANTES USUARIAS DE LA RUTA MATERNO PERINATAL<\/a><\/h4>\n<\/li>\n<li>\n<h4><a href=\"https:\/\/hsdp.gov.co\/portal\/wp-content\/uploads\/2023\/10\/FORTALECER-LA-ADHERENCIA-DEL-PERSONAL-DE-ENFERMERIA-EN-EL-CORRECTO-Y-COMPLETO-DILIGENCIAMIENTO-DE-LOS-REGISTROS-CLINICOS-.pdf\">FORTALECER LA ADHERENCIA DEL PERSONAL DE ENFERMER\u00cdA EN EL CORRECTO Y COMPLETO DILIGENCIAMIENTO DE LOS REGISTROS CL\u00cdNICOS<\/a><\/h4>\n<\/li>\n<li>\n<h4><a href=\"https:\/\/hsdp.gov.co\/portal\/wp-content\/uploads\/2023\/10\/FORTALECER-LAS-ESTRATEGIAS-DE-ENSENANZA-Y-APRENDIZAJE-EN-EL-CUIDADOR-PRINCIPAL-DEL-PACIENTE-ONCOLOGICO.pdf\">FORTALECER LAS ESTRATEGIAS DE ENSE\u00d1ANZA Y APRENDIZAJE EN EL CUIDADOR PRINCIPAL DEL PACIENTE ONCOLOGICO<\/a><\/h4>\n<\/li>\n<li>\n<h4><a href=\"https:\/\/hsdp.gov.co\/portal\/wp-content\/uploads\/2023\/10\/IMPLEMENTAR-ESTRATEGIAS-EN-EL-PROFESIONAL-DE-ENFERMERIA-QUE-PROMUEVAN-LA-ADHERENCIA-EN-LA-ATENCION-INTEGRAL-DE-LA-PRIMERA-INFANCIA.pdf\">IMPLEMENTAR ESTRATEGIAS EN EL PROFESIONAL DE ENFERMER\u00cdA QUE PROMUEVAN LA ADHERENCIA EN LA ATENCI\u00d3N INTEGRAL DE LA PRIMERA INFANCIA<\/a><\/h4>\n<\/li>\n<li>\n<h4><a href=\"https:\/\/hsdp.gov.co\/portal\/wp-content\/uploads\/2023\/10\/INCORPORAR-EN-LA-ATENCION-POR-ENFERMERIA-EL-CUIDADO-EMPATICO-Y-AUTENTICO-HACIA-LOS-PACIENTES-DEL-SERVICIO-DE-URGENCIAS.pdf\">INCORPORAR EN LA ATENCION POR ENFERMERIA EL CUIDADO EMPATICO Y AUTENTICO HACIA LOS PACIENTES DEL SERVICIO DE URGENCIAS<\/a><\/h4>\n<\/li>\n<li>\n<h4><a href=\"https:\/\/hsdp.gov.co\/portal\/wp-content\/uploads\/2023\/10\/NECESIDAD-DE-ADHERENCIA-DEL-PERSONAL-DE-ENFERMERIA-AL-PROTOCOLO-DE-ATENCION-INICIAL-DE-URGENCIAS-.pdf\">NECESIDAD DE ADHERENCIA DEL PERSONAL DE ENFERMERIA AL PROTOCOLO DE ATENCION INICIAL DE URGENCIAS<\/a><\/h4>\n<\/li>\n<\/ul>\n\n","protected":false},"excerpt":{"rendered":"<p>PROMOCI\u00d3N DE LA SALUD PARA EL AUTOCUIDADO EN LAS USUARIAS QUE ASISTEN AL SERVICIO DE TAMIZAJE DE C\u00c1NCER DE CUELLO UTERINO ADOPCI\u00d3N DEL LINEAMIENTO Y PROTOCOLO DE LA VIGILANCIA INTEGRADA DE LA RABIA CARTILLA CAP 2022-2 DIAPOSITIVAS PROYECTO DE MARCO L\u00d3GICO FINAL HENYY RAMIREZ EDUCACI\u00d3N PARA LA PROMOCI\u00d3N EN SALUD Y DETECCI\u00d3N DE RIESGOS EN [&#8230;]\n","protected":false},"author":1,"featured_media":0,"parent":0,"menu_order":0,"comment_status":"closed","ping_status":"closed","template":"","meta":{"footnotes":""},"_links":{"self":[{"href":"https:\/\/hsdp.gov.co\/portal\/wp-json\/wp\/v2\/pages\/8844"}],"collection":[{"href":"https:\/\/hsdp.gov.co\/portal\/wp-json\/wp\/v2\/pages"}],"about":[{"href":"https:\/\/hsdp.gov.co\/portal\/wp-json\/wp\/v2\/types\/page"}],"author":[{"embeddable":true,"href":"https:\/\/hsdp.gov.co\/portal\/wp-json\/wp\/v2\/users\/1"}],"replies":[{"embeddable":true,"href":"https:\/\/hsdp.gov.co\/portal\/wp-json\/wp\/v2\/comments?post=8844"}],"version-history":[{"count":2,"href":"https:\/\/hsdp.gov.co\/portal\/wp-json\/wp\/v2\/pages\/8844\/revisions"}],"predecessor-version":[{"id":8860,"href":"https:\/\/hsdp.gov.co\/portal\/wp-json\/wp\/v2\/pages\/8844\/revisions\/8860"}],"wp:attachment":[{"href":"https:\/\/hsdp.gov.co\/portal\/wp-json\/wp\/v2\/media?parent=8844"}],"curies":[{"name":"wp","href":"https:\/\/api.w.org\/{rel}","templated":true}]}}