{"id":6036,"date":"2022-04-26T01:31:20","date_gmt":"2022-04-25T23:31:20","guid":{"rendered":"http:\/\/hsdp.gov.co\/portal\/?page_id=6036"},"modified":"2022-06-29T22:50:21","modified_gmt":"2022-06-29T20:50:21","slug":"rendicion-de-cuentas-vigencia-2021","status":"publish","type":"page","link":"https:\/\/hsdp.gov.co\/portal\/rendicion-de-cuentas-vigencia-2021\/","title":{"rendered":"Rendici\u00f3n de Cuentas vigencia 2021"},"content":{"rendered":"\n\n\n\t<section class=\"section\" id=\"section_1181799934\">\n\t\t<div class=\"bg section-bg fill bg-fill  bg-loaded\" >\n\n\t\t\t\n\t\t\t\n\t\t\t\n\n\t\t<\/div><!-- .section-bg -->\n\n\t\t<div class=\"section-content relative\">\n\t\t\t\n\n  <div id=\"page-header-1205378657\" class=\"page-header-wrapper\">\n  <div class=\"page-title dark featured-title\">\n\n    \n    <div class=\"page-title-inner container align-center text-center flex-row-col medium-flex-wrap\" >\n              <div class=\"title-wrapper flex-col\">\n          <h1 class=\"entry-title mb-0\">\n            Rendici\u00f3n de Cuentas 2021          <\/h1>\n        <\/div>\n                    <div class=\"title-content flex-col\">\n        <div class=\"title-breadcrumbs pb-half pt-half\"><\/div>      <\/div>\n    <\/div><!-- flex-row -->\n\n     \n<style scope=\"scope\">\n\n#page-header-1205378657 .title-bg {\n  \n}\n<\/style>\n  <\/div><!-- .page-title -->\n    <\/div><!-- .page-header-wrapper -->\n  \n\n\n  <div class=\"banner has-hover\" id=\"banner-985198209\">\n          <div class=\"banner-inner fill\">\n        <div class=\"banner-bg fill\" >\n            <div class=\"bg fill bg-fill \"><\/div>\n                        <div class=\"overlay\"><\/div>            \n                    <\/div><!-- bg-layers -->\n        <div class=\"banner-layers container\">\n            <div class=\"fill banner-link\"><\/div>            \n\n   <div id=\"text-box-437054511\" class=\"text-box banner-layer x90 md-x90 lg-x90 y90 md-y90 lg-y90 res-text\">\n                                <div class=\"text dark\">\n              \n              <div class=\"text-inner text-center\">\n                  \n\n<a href=\"https:\/\/docs.google.com\/forms\/d\/e\/1FAIpQLSeRzkMSROycaBcVZCIHZpOz9qs3tMOZrcG2HBEnaYCEu5iFbA\/viewform?usp=sf_link\" target=\"_self\" class=\"button primary\"  style=\"border-radius:49px;\">\n    <span>FORMULE PREGUNTAS<\/span>\n  <\/a>\n\n\n\n              <\/div>\n           <\/div><!-- text-box-inner -->\n                            \n<style scope=\"scope\">\n\n#text-box-437054511 {\n  width: 22%;\n}\n#text-box-437054511 .text {\n  font-size: 100%;\n}\n<\/style>\n    <\/div><!-- text-box -->\n \n\n        <\/div><!-- .banner-layers -->\n      <\/div><!-- .banner-inner -->\n\n              <div class=\"height-fix is-invisible\"><img loading=\"lazy\" decoding=\"async\" width=\"989\" height=\"445\" src=\"https:\/\/hsdp.gov.co\/portal\/wp-content\/uploads\/2022\/05\/BANER-MICROSITIO.png\" class=\"attachment-large size-large\" alt=\"\" srcset=\"https:\/\/hsdp.gov.co\/portal\/wp-content\/uploads\/2022\/05\/BANER-MICROSITIO.png 989w, https:\/\/hsdp.gov.co\/portal\/wp-content\/uploads\/2022\/05\/BANER-MICROSITIO-800x360.png 800w, https:\/\/hsdp.gov.co\/portal\/wp-content\/uploads\/2022\/05\/BANER-MICROSITIO-768x346.png 768w\" sizes=\"(max-width: 989px) 100vw, 989px\" \/><\/div>\n            \n<style scope=\"scope\">\n\n#banner-985198209 .bg.bg-loaded {\n  background-image: url(https:\/\/hsdp.gov.co\/portal\/wp-content\/uploads\/2022\/05\/BANER-MICROSITIO.png);\n}\n#banner-985198209 .overlay {\n  background-color: rgba(0, 0, 0, 0.17);\n}\n<\/style>\n  <\/div><!-- .banner -->\n\n\n\n\t\t<\/div><!-- .section-content -->\n\n\t\t\n<style scope=\"scope\">\n\n#section_1181799934 {\n  padding-top: 30px;\n  padding-bottom: 30px;\n}\n<\/style>\n\t<\/section>\n\t\n<div class=\"is-divider divider clearfix\" ><\/div><!-- .divider -->\n\n\t<section class=\"section\" id=\"section_248608516\">\n\t\t<div class=\"bg section-bg fill bg-fill  bg-loaded\" >\n\n\t\t\t\n\t\t\t\n\t\t\t\n\n\t\t<\/div><!-- .section-bg -->\n\n\t\t<div class=\"section-content relative\">\n\t\t\t\n\n  <div id=\"page-header-2101125585\" class=\"page-header-wrapper\">\n  <div class=\"page-title dark featured-title\">\n\n    \n    <div class=\"page-title-inner container align-center text-center flex-row-col medium-flex-wrap\" >\n              <div class=\"title-wrapper flex-col\">\n          <h1 class=\"entry-title mb-0\">\n            Informe deRendici\u00f3n de Cuentas 2021          <\/h1>\n        <\/div>\n                    <div class=\"title-content flex-col\">\n        <div class=\"title-breadcrumbs pb-half pt-half\"><\/div>      <\/div>\n    <\/div><!-- flex-row -->\n\n     \n<style scope=\"scope\">\n\n#page-header-2101125585 .title-bg {\n  \n}\n<\/style>\n  <\/div><!-- .page-title -->\n    <\/div><!-- .page-header-wrapper -->\n  \n\n\n\t\t<\/div><!-- .section-content -->\n\n\t\t\n<style scope=\"scope\">\n\n#section_248608516 {\n  padding-top: 30px;\n  padding-bottom: 30px;\n}\n<\/style>\n\t<\/section>\n\t\n<p style=\"text-align: center;\"><div class=\"_df_book df-container df-loading \" id=\"df_6119\"  wpoptions=\"true\" ><\/div><script data-cfasync=\"false\">var option_df_6119 = {\"outline\":[],\"forceFit\":\"true\",\"autoEnableOutline\":\"false\",\"autoEnableThumbnail\":\"false\",\"overwritePDFOutline\":\"false\",\"direction\":\"1\",\"pageMode\":\"0\",\"source\":\"http:\\\/\\\/hsdp.gov.co\\\/portal\\\/wp-content\\\/uploads\\\/2022\\\/05\\\/RENDICION_CTAS-2021.pdf\",\"wpOptions\":\"true\"}; if(window.DFLIP && DFLIP.parseBooks){DFLIP.parseBooks();}<\/script>.<\/p>\n  <div id=\"page-header-463711611\" class=\"page-header-wrapper\">\n  <div class=\"page-title dark featured-title\">\n\n    \n    <div class=\"page-title-inner container align-center text-center flex-row-col medium-flex-wrap\" >\n              <div class=\"title-wrapper flex-col\">\n          <h1 class=\"entry-title mb-0\">\n            Reglamento y Cronograma          <\/h1>\n        <\/div>\n                    <div class=\"title-content flex-col\">\n        <div class=\"title-breadcrumbs pb-half pt-half\"><\/div>      <\/div>\n    <\/div><!-- flex-row -->\n\n     \n<style scope=\"scope\">\n\n#page-header-463711611 .title-bg {\n  \n}\n<\/style>\n  <\/div><!-- .page-title -->\n    <\/div><!-- .page-header-wrapper -->\n  \n\n<div class=\"row\"  id=\"row-795325355\">\n\n<div class=\"col medium-6 small-12 large-6\"  ><div class=\"col-inner\"  >\n\n<p style=\"text-align: center;\">PARA VER EL REGLAMENTO AUDIENCIA P\u00daBLICA VIGENCIA 2021 VAYA AL SIGUIENTE ENLACE.<\/p>\n<a href=\"https:\/\/hsdp.gov.co\/portal\/wp-content\/uploads\/2022\/05\/REGLAMENTO-RENDICION-DE-CUENTAS_2021-1.pdf\" target=\"_self\" class=\"button primary expand\"  >\n    <span>Cklic ac\u00e1<\/span>\n  <\/a>\n\n\n\n<\/div><\/div>\n<div class=\"col medium-6 small-12 large-6\"  ><div class=\"col-inner\"  >\n\n<p style=\"text-align: center;\">CRONOGRAMA AUDIENCIA P\u00daBLICA RENDICI\u00d3N DE CUENTAS VIGENCIA 2021.<\/p>\n<a href=\"https:\/\/hsdp.gov.co\/portal\/wp-content\/uploads\/2022\/05\/CRONOGRAMA_-RENDICION-DE-CUENTAS_2021.pdf\" target=\"_self\" class=\"button primary expand\"  >\n    <span>Cklic ac\u00e1<\/span>\n  <\/a>\n\n\n\n<\/div><\/div>\n\n<\/div>\n  <div id=\"page-header-454345772\" class=\"page-header-wrapper\">\n  <div class=\"page-title dark featured-title\">\n\n    \n    <div class=\"page-title-inner container align-center text-center flex-row-col medium-flex-wrap\" >\n              <div class=\"title-wrapper flex-col\">\n          <h1 class=\"entry-title mb-0\">\n            Informe Evaluaci\u00f3n Audiencia P\u00fablica Rendici\u00f3n de Cuentas 2021          <\/h1>\n        <\/div>\n                    <div class=\"title-content flex-col\">\n        <div class=\"title-breadcrumbs pb-half pt-half\"><\/div>      <\/div>\n    <\/div><!-- flex-row -->\n\n     \n<style scope=\"scope\">\n\n#page-header-454345772 .title-bg {\n  \n}\n<\/style>\n  <\/div><!-- .page-title -->\n    <\/div><!-- .page-header-wrapper -->\n  \n\n<div class=\"is-divider divider clearfix\" ><\/div><!-- .divider -->\n\n<p style=\"text-align: center;\"><div class=\"_df_book df-container df-loading \" id=\"df_6287\"  wpoptions=\"true\" ><\/div><script data-cfasync=\"false\">var option_df_6287 = {\"outline\":[],\"forceFit\":\"true\",\"autoEnableOutline\":\"false\",\"autoEnableThumbnail\":\"false\",\"overwritePDFOutline\":\"false\",\"direction\":\"1\",\"pageMode\":\"0\",\"source\":\"http:\\\/\\\/hsdp.gov.co\\\/portal\\\/wp-content\\\/uploads\\\/2022\\\/06\\\/INFORME-EVALUACION-AUDIENCIA-PUBLICA-2021.pdf\",\"wpOptions\":\"true\"}; if(window.DFLIP && DFLIP.parseBooks){DFLIP.parseBooks();}<\/script>.<\/p>\n\n","protected":false},"excerpt":{"rendered":"<p>. .<\/p>\n","protected":false},"author":1,"featured_media":0,"parent":0,"menu_order":0,"comment_status":"closed","ping_status":"closed","template":"","meta":{"footnotes":""},"_links":{"self":[{"href":"https:\/\/hsdp.gov.co\/portal\/wp-json\/wp\/v2\/pages\/6036"}],"collection":[{"href":"https:\/\/hsdp.gov.co\/portal\/wp-json\/wp\/v2\/pages"}],"about":[{"href":"https:\/\/hsdp.gov.co\/portal\/wp-json\/wp\/v2\/types\/page"}],"author":[{"embeddable":true,"href":"https:\/\/hsdp.gov.co\/portal\/wp-json\/wp\/v2\/users\/1"}],"replies":[{"embeddable":true,"href":"https:\/\/hsdp.gov.co\/portal\/wp-json\/wp\/v2\/comments?post=6036"}],"version-history":[{"count":25,"href":"https:\/\/hsdp.gov.co\/portal\/wp-json\/wp\/v2\/pages\/6036\/revisions"}],"predecessor-version":[{"id":6290,"href":"https:\/\/hsdp.gov.co\/portal\/wp-json\/wp\/v2\/pages\/6036\/revisions\/6290"}],"wp:attachment":[{"href":"https:\/\/hsdp.gov.co\/portal\/wp-json\/wp\/v2\/media?parent=6036"}],"curies":[{"name":"wp","href":"https:\/\/api.w.org\/{rel}","templated":true}]}}