{"id":5069,"date":"2021-10-01T15:55:34","date_gmt":"2021-10-01T13:55:34","guid":{"rendered":"http:\/\/hsdp.gov.co\/portal\/?page_id=5069"},"modified":"2025-11-15T15:25:30","modified_gmt":"2025-11-15T20:25:30","slug":"participacion-social","status":"publish","type":"page","link":"https:\/\/hsdp.gov.co\/portal\/participacion-social\/","title":{"rendered":"Participaci\u00f3n Social en Salud"},"content":{"rendered":"\n<div class=\"container section-title-container\" ><h2 class=\"section-title section-title-center\"><b><\/b><span class=\"section-title-main\" style=\"color:rgb(144, 82, 207);\">Participaci\u00f3n social en salud<\/span><b><\/b><\/h2><\/div><!-- .section-title -->\n\n\n  <div class=\"banner has-hover\" id=\"banner-1268488841\">\n          <div class=\"banner-inner fill\">\n        <div class=\"banner-bg fill\" >\n            <div class=\"bg fill bg-fill \"><\/div>\n                                    \n                    <\/div><!-- bg-layers -->\n        <div class=\"banner-layers container\">\n            <a class=\"fill\" href=\"https:\/\/hsdp.gov.co\/portal\/wp-content\/uploads\/2020\/02\/POL\u00cdTICA-DE-PARTICIPACI\u00d3N-SOCIAL-EN-SALUD.pdf\"><div class=\"fill banner-link\"><\/div><\/a>            \n\n\n        <\/div><!-- .banner-layers -->\n      <\/div><!-- .banner-inner -->\n\n            \n<style scope=\"scope\">\n\n#banner-1268488841 {\n  padding-top: 318px;\n}\n#banner-1268488841 .bg.bg-loaded {\n  background-image: url(https:\/\/hsdp.gov.co\/portal\/wp-content\/uploads\/2025\/11\/baner-politica-de-particion-social.png);\n}\n<\/style>\n  <\/div><!-- .banner -->\n\n\n<div class=\"text-center\"><div class=\"is-divider divider clearfix\" style=\"margin-top:1.6em;margin-bottom:1.6em;max-width:142px;background-color:rgba(13, 123, 176, 0.72);\"><\/div><\/div><!-- .divider -->\n\n<div class=\"row\"  id=\"row-822961224\">\n\n<div class=\"col medium-3 small-6 large-3\"  ><div class=\"col-inner\"  >\n\n<a href=\"https:\/\/hsdp.gov.co\/portal\/politica-de-participacion-social-2020\/\" target=\"_self\" class=\"button primary is-outline expand\"  style=\"border-radius:22px;\">\n    <span>actividades 2020<\/span>\n  <\/a>\n\n\n\n<\/div><\/div>\n<div class=\"col medium-3 small-6 large-3\"  ><div class=\"col-inner\"  >\n\n<a href=\"https:\/\/hsdp.gov.co\/portal\/participacion-social-2021\/\" target=\"_self\" class=\"button primary is-outline expand\"  style=\"border-radius:22px;\">\n    <span>Actividades 2021<\/span>\n  <\/a>\n\n\n\n<\/div><\/div>\n<div class=\"col medium-3 small-6 large-3\"  ><div class=\"col-inner\"  >\n\n<a class=\"button primary is-outline expand\"  style=\"border-radius:22px;\">\n    <span>Actividades 2022<\/span>\n  <\/a>\n\n\n\n<\/div><\/div>\n<div class=\"col medium-3 small-6 large-3\"  ><div class=\"col-inner\"  >\n\n<a class=\"button primary is-outline expand\"  style=\"border-radius:22px;\">\n    <span>Actividades 2023<\/span>\n  <\/a>\n\n\n\n<\/div><\/div>\n\n<\/div>\n<div class=\"row\"  id=\"row-2014368182\">\n\n<div class=\"col medium-3 small-6 large-3\"  ><div class=\"col-inner\"  >\n\n<a class=\"button primary is-outline expand\"  style=\"border-radius:22px;\">\n    <span>Actividades 2024<\/span>\n  <\/a>\n\n\n\n<\/div><\/div>\n<div class=\"col medium-3 small-6 large-3\"  ><div class=\"col-inner\"  >\n\n<a class=\"button primary is-outline expand\"  style=\"border-radius:22px;\">\n    <span>Actividades 2025<\/span>\n  <\/a>\n\n\n\n<\/div><\/div>\n<div class=\"col medium-3 small-6 large-3\"  ><div class=\"col-inner\"  >\n\n\n<\/div><\/div>\n<div class=\"col medium-3 small-6 large-3\"  ><div class=\"col-inner\"  >\n\n\n<\/div><\/div>\n\n<\/div>\n<div class=\"container section-title-container\" ><h3 class=\"section-title section-title-center\"><b><\/b><span class=\"section-title-main\" style=\"color:rgb(57, 132, 67);\">Te contamos los avances<\/span><b><\/b><\/h3><\/div><!-- .section-title -->\n\n\n  \n    <div class=\"row large-columns-3 medium-columns-1 small-columns-1\">\n  \t\t<div class=\"col post-item\" >\n\t\t\t<div class=\"col-inner\">\n\t\t\t<a href=\"https:\/\/hsdp.gov.co\/portal\/ley-de-transparencia\/2-informacion-de-interes\/noticias\/la-e-s-e-hospital-san-juan-de-dios-de-pamplona-impulsa-la-participacion-ciudadana\/\" class=\"plain\">\n\t\t\t\t<div class=\"box box-bounce box-text-bottom box-blog-post has-hover\">\n            \t\t\t\t\t<div class=\"box-image\" >\n  \t\t\t\t\t\t<div class=\"image-cover\" style=\"padding-top:56.25%;\">\n  \t\t\t\t\t\t\t<img loading=\"lazy\" decoding=\"async\" width=\"746\" height=\"400\" src=\"https:\/\/hsdp.gov.co\/portal\/wp-content\/uploads\/2026\/01\/Mesa-de-trabajo-31-746x400.png\" class=\"attachment-medium size-medium wp-post-image\" alt=\"\" srcset=\"https:\/\/hsdp.gov.co\/portal\/wp-content\/uploads\/2026\/01\/Mesa-de-trabajo-31-746x400.png 746w, https:\/\/hsdp.gov.co\/portal\/wp-content\/uploads\/2026\/01\/Mesa-de-trabajo-31-1400x751.png 1400w, https:\/\/hsdp.gov.co\/portal\/wp-content\/uploads\/2026\/01\/Mesa-de-trabajo-31-768x412.png 768w, https:\/\/hsdp.gov.co\/portal\/wp-content\/uploads\/2026\/01\/Mesa-de-trabajo-31-1536x824.png 1536w, https:\/\/hsdp.gov.co\/portal\/wp-content\/uploads\/2026\/01\/Mesa-de-trabajo-31-2048x1098.png 2048w\" sizes=\"(max-width: 746px) 100vw, 746px\" \/>  \t\t\t\t\t\t\t  \t\t\t\t\t\t\t  \t\t\t\t\t\t<\/div>\n  \t\t\t\t\t\t  \t\t\t\t\t<\/div><!-- .box-image -->\n          \t\t\t\t\t<div class=\"box-text text-center\" >\n\t\t\t\t\t<div class=\"box-text-inner blog-post-inner\">\n\n\t\t\t\t\t\n\t\t\t\t\t\t\t\t\t\t<h5 class=\"post-title is-large \">La E.S.E Hospital San Juan de Dios de Pamplona impulsa la participaci\u00f3n ciudadana<\/h5>\n\t\t\t\t\t\t\t\t\t\t<div class=\"is-divider\"><\/div>\n\t\t\t\t\t\t\t\t\t\t<p class=\"from_the_blog_excerpt \">El Hospital San Juan de Dios de Pamplona ha dispuesto espacios de escucha dirigidos a [...]\t\t\t\t\t<\/p>\n\t\t\t\t\t                    \n\t\t\t\t\t\n\t\t\t\t\t\n\t\t\t\t\t<\/div><!-- .box-text-inner -->\n\t\t\t\t\t<\/div><!-- .box-text -->\n\t\t\t\t\t\t\t\t\t\t\t\t\t\t\t\t<div class=\"badge absolute top post-date badge-outline\">\n\t\t\t\t\t\t\t<div class=\"badge-inner\">\n\t\t\t\t\t\t\t\t<span class=\"post-date-day\">13<\/span><br>\n\t\t\t\t\t\t\t\t<span class=\"post-date-month is-xsmall\">Ene<\/span>\n\t\t\t\t\t\t\t<\/div>\n\t\t\t\t\t\t<\/div>\n\t\t\t\t\t\t\t\t\t<\/div><!-- .box -->\n\t\t\t\t<\/a><!-- .link -->\n\t\t\t<\/div><!-- .col-inner -->\n\t\t<\/div><!-- .col -->\n\t\t<div class=\"col post-item\" >\n\t\t\t<div class=\"col-inner\">\n\t\t\t<a href=\"https:\/\/hsdp.gov.co\/portal\/ley-de-transparencia\/2-informacion-de-interes\/noticias\/hospital-san-juan-de-dios-de-pamplona-culmino-con-exito-el-proceso-de-renovacion-de-instancias-participativas-en-todos-sus-centros-de-salud\/\" class=\"plain\">\n\t\t\t\t<div class=\"box box-bounce box-text-bottom box-blog-post has-hover\">\n            \t\t\t\t\t<div class=\"box-image\" >\n  \t\t\t\t\t\t<div class=\"image-cover\" style=\"padding-top:56.25%;\">\n  \t\t\t\t\t\t\t<img loading=\"lazy\" decoding=\"async\" width=\"746\" height=\"400\" src=\"https:\/\/hsdp.gov.co\/portal\/wp-content\/uploads\/2025\/10\/portada-746x400.png\" class=\"attachment-medium size-medium wp-post-image\" alt=\"\" srcset=\"https:\/\/hsdp.gov.co\/portal\/wp-content\/uploads\/2025\/10\/portada-746x400.png 746w, https:\/\/hsdp.gov.co\/portal\/wp-content\/uploads\/2025\/10\/portada-768x412.png 768w, https:\/\/hsdp.gov.co\/portal\/wp-content\/uploads\/2025\/10\/portada.png 1084w\" sizes=\"(max-width: 746px) 100vw, 746px\" \/>  \t\t\t\t\t\t\t  \t\t\t\t\t\t\t  \t\t\t\t\t\t<\/div>\n  \t\t\t\t\t\t  \t\t\t\t\t<\/div><!-- .box-image -->\n          \t\t\t\t\t<div class=\"box-text text-center\" >\n\t\t\t\t\t<div class=\"box-text-inner blog-post-inner\">\n\n\t\t\t\t\t\n\t\t\t\t\t\t\t\t\t\t<h5 class=\"post-title is-large \">Hospital San Juan de Dios de Pamplona culmin\u00f3 con \u00e9xito el proceso de renovaci\u00f3n de instancias participativas en todos sus centros de salud<\/h5>\n\t\t\t\t\t\t\t\t\t\t<div class=\"is-divider\"><\/div>\n\t\t\t\t\t\t\t\t\t\t<p class=\"from_the_blog_excerpt \">La E.S.E. Hospital San Juan de Dios de Pamplona llev\u00f3 a cabo de manera exitosa [...]\t\t\t\t\t<\/p>\n\t\t\t\t\t                    \n\t\t\t\t\t\n\t\t\t\t\t\n\t\t\t\t\t<\/div><!-- .box-text-inner -->\n\t\t\t\t\t<\/div><!-- .box-text -->\n\t\t\t\t\t\t\t\t\t\t\t\t\t\t\t\t<div class=\"badge absolute top post-date badge-outline\">\n\t\t\t\t\t\t\t<div class=\"badge-inner\">\n\t\t\t\t\t\t\t\t<span class=\"post-date-day\">18<\/span><br>\n\t\t\t\t\t\t\t\t<span class=\"post-date-month is-xsmall\">Oct<\/span>\n\t\t\t\t\t\t\t<\/div>\n\t\t\t\t\t\t<\/div>\n\t\t\t\t\t\t\t\t\t<\/div><!-- .box -->\n\t\t\t\t<\/a><!-- .link -->\n\t\t\t<\/div><!-- .col-inner -->\n\t\t<\/div><!-- .col -->\n\t\t<div class=\"col post-item\" >\n\t\t\t<div class=\"col-inner\">\n\t\t\t<a href=\"https:\/\/hsdp.gov.co\/portal\/ley-de-transparencia\/2-informacion-de-interes\/noticias\/hospital-san-juan-de-dios-de-pamplona-y-la-asociacion-de-usuarios-fortalecen-el-conocimiento-sobre-el-sistema-de-seguridad-social-en-salud\/\" class=\"plain\">\n\t\t\t\t<div class=\"box box-bounce box-text-bottom box-blog-post has-hover\">\n            \t\t\t\t\t<div class=\"box-image\" >\n  \t\t\t\t\t\t<div class=\"image-cover\" style=\"padding-top:56.25%;\">\n  \t\t\t\t\t\t\t<img loading=\"lazy\" decoding=\"async\" width=\"748\" height=\"400\" src=\"https:\/\/hsdp.gov.co\/portal\/wp-content\/uploads\/2025\/12\/asousuarios-748x400.png\" class=\"attachment-medium size-medium wp-post-image\" alt=\"\" srcset=\"https:\/\/hsdp.gov.co\/portal\/wp-content\/uploads\/2025\/12\/asousuarios-748x400.png 748w, https:\/\/hsdp.gov.co\/portal\/wp-content\/uploads\/2025\/12\/asousuarios-768x411.png 768w, https:\/\/hsdp.gov.co\/portal\/wp-content\/uploads\/2025\/12\/asousuarios.png 868w\" sizes=\"(max-width: 748px) 100vw, 748px\" \/>  \t\t\t\t\t\t\t  \t\t\t\t\t\t\t  \t\t\t\t\t\t<\/div>\n  \t\t\t\t\t\t  \t\t\t\t\t<\/div><!-- .box-image -->\n          \t\t\t\t\t<div class=\"box-text text-center\" >\n\t\t\t\t\t<div class=\"box-text-inner blog-post-inner\">\n\n\t\t\t\t\t\n\t\t\t\t\t\t\t\t\t\t<h5 class=\"post-title is-large \">Hospital San Juan de Dios de Pamplona y la Asociaci\u00f3n de Usuarios fortalecen el conocimiento sobre el Sistema de Seguridad Social en Salud<\/h5>\n\t\t\t\t\t\t\t\t\t\t<div class=\"is-divider\"><\/div>\n\t\t\t\t\t\t\t\t\t\t<p class=\"from_the_blog_excerpt \">En el sal\u00f3n del Sindicato ANTHOC, se realiz\u00f3 una actividad l\u00fadico\u2013pedag\u00f3gica liderada por la Dra. [...]\t\t\t\t\t<\/p>\n\t\t\t\t\t                    \n\t\t\t\t\t\n\t\t\t\t\t\n\t\t\t\t\t<\/div><!-- .box-text-inner -->\n\t\t\t\t\t<\/div><!-- .box-text -->\n\t\t\t\t\t\t\t\t\t\t\t\t\t\t\t\t<div class=\"badge absolute top post-date badge-outline\">\n\t\t\t\t\t\t\t<div class=\"badge-inner\">\n\t\t\t\t\t\t\t\t<span class=\"post-date-day\">06<\/span><br>\n\t\t\t\t\t\t\t\t<span class=\"post-date-month is-xsmall\">May<\/span>\n\t\t\t\t\t\t\t<\/div>\n\t\t\t\t\t\t<\/div>\n\t\t\t\t\t\t\t\t\t<\/div><!-- .box -->\n\t\t\t\t<\/a><!-- .link -->\n\t\t\t<\/div><!-- .col-inner -->\n\t\t<\/div><!-- .col -->\n\t\t<div class=\"col post-item\" >\n\t\t\t<div class=\"col-inner\">\n\t\t\t<a href=\"https:\/\/hsdp.gov.co\/portal\/ley-de-transparencia\/2-informacion-de-interes\/noticias\/hospital-san-juan-de-dios-de-pamplona-promueve-los-derechos-y-deberes-de-los-usuarios-en-jornada-de-socializacion\/\" class=\"plain\">\n\t\t\t\t<div class=\"box box-bounce box-text-bottom box-blog-post has-hover\">\n            \t\t\t\t\t<div class=\"box-image\" >\n  \t\t\t\t\t\t<div class=\"image-cover\" style=\"padding-top:56.25%;\">\n  \t\t\t\t\t\t\t<img loading=\"lazy\" decoding=\"async\" width=\"748\" height=\"400\" src=\"https:\/\/hsdp.gov.co\/portal\/wp-content\/uploads\/2025\/12\/derechos-y-deberes-748x400.png\" class=\"attachment-medium size-medium wp-post-image\" alt=\"\" srcset=\"https:\/\/hsdp.gov.co\/portal\/wp-content\/uploads\/2025\/12\/derechos-y-deberes-748x400.png 748w, https:\/\/hsdp.gov.co\/portal\/wp-content\/uploads\/2025\/12\/derechos-y-deberes-768x411.png 768w, https:\/\/hsdp.gov.co\/portal\/wp-content\/uploads\/2025\/12\/derechos-y-deberes.png 868w\" sizes=\"(max-width: 748px) 100vw, 748px\" \/>  \t\t\t\t\t\t\t  \t\t\t\t\t\t\t  \t\t\t\t\t\t<\/div>\n  \t\t\t\t\t\t  \t\t\t\t\t<\/div><!-- .box-image -->\n          \t\t\t\t\t<div class=\"box-text text-center\" >\n\t\t\t\t\t<div class=\"box-text-inner blog-post-inner\">\n\n\t\t\t\t\t\n\t\t\t\t\t\t\t\t\t\t<h5 class=\"post-title is-large \">Hospital San Juan de Dios de Pamplona promueve los derechos y deberes de los usuarios en jornada de socializaci\u00f3n<\/h5>\n\t\t\t\t\t\t\t\t\t\t<div class=\"is-divider\"><\/div>\n\t\t\t\t\t\t\t\t\t\t<p class=\"from_the_blog_excerpt \">En el marco de las estrategias institucionales orientadas al fortalecimiento de la participaci\u00f3n ciudadana y [...]\t\t\t\t\t<\/p>\n\t\t\t\t\t                    \n\t\t\t\t\t\n\t\t\t\t\t\n\t\t\t\t\t<\/div><!-- .box-text-inner -->\n\t\t\t\t\t<\/div><!-- .box-text -->\n\t\t\t\t\t\t\t\t\t\t\t\t\t\t\t\t<div class=\"badge absolute top post-date badge-outline\">\n\t\t\t\t\t\t\t<div class=\"badge-inner\">\n\t\t\t\t\t\t\t\t<span class=\"post-date-day\">25<\/span><br>\n\t\t\t\t\t\t\t\t<span class=\"post-date-month is-xsmall\">Abr<\/span>\n\t\t\t\t\t\t\t<\/div>\n\t\t\t\t\t\t<\/div>\n\t\t\t\t\t\t\t\t\t<\/div><!-- .box -->\n\t\t\t\t<\/a><!-- .link -->\n\t\t\t<\/div><!-- .col-inner -->\n\t\t<\/div><!-- .col -->\n\t\t<div class=\"col post-item\" >\n\t\t\t<div class=\"col-inner\">\n\t\t\t<a href=\"https:\/\/hsdp.gov.co\/portal\/ley-de-transparencia\/2-informacion-de-interes\/noticias\/hospital-san-juan-de-dios-de-pamplona-fortalece-la-cultura-de-respeto-y-proteccion-hacia-la-mision-medica-en-sus-municipios-adscritos\/\" class=\"plain\">\n\t\t\t\t<div class=\"box box-bounce box-text-bottom box-blog-post has-hover\">\n            \t\t\t\t\t<div class=\"box-image\" >\n  \t\t\t\t\t\t<div class=\"image-cover\" style=\"padding-top:56.25%;\">\n  \t\t\t\t\t\t\t<img loading=\"lazy\" decoding=\"async\" width=\"748\" height=\"400\" src=\"https:\/\/hsdp.gov.co\/portal\/wp-content\/uploads\/2025\/12\/Sin-titulo-1-748x400.png\" class=\"attachment-medium size-medium wp-post-image\" alt=\"\" srcset=\"https:\/\/hsdp.gov.co\/portal\/wp-content\/uploads\/2025\/12\/Sin-titulo-1-748x400.png 748w, https:\/\/hsdp.gov.co\/portal\/wp-content\/uploads\/2025\/12\/Sin-titulo-1-768x411.png 768w, https:\/\/hsdp.gov.co\/portal\/wp-content\/uploads\/2025\/12\/Sin-titulo-1.png 868w\" sizes=\"(max-width: 748px) 100vw, 748px\" \/>  \t\t\t\t\t\t\t  \t\t\t\t\t\t\t  \t\t\t\t\t\t<\/div>\n  \t\t\t\t\t\t  \t\t\t\t\t<\/div><!-- .box-image -->\n          \t\t\t\t\t<div class=\"box-text text-center\" >\n\t\t\t\t\t<div class=\"box-text-inner blog-post-inner\">\n\n\t\t\t\t\t\n\t\t\t\t\t\t\t\t\t\t<h5 class=\"post-title is-large \">Hospital San Juan de Dios de Pamplona fortalece la cultura de respeto y protecci\u00f3n hacia la Misi\u00f3n M\u00e9dica en sus municipios adscritos<\/h5>\n\t\t\t\t\t\t\t\t\t\t<div class=\"is-divider\"><\/div>\n\t\t\t\t\t\t\t\t\t\t<p class=\"from_the_blog_excerpt \">En cumplimiento del compromiso institucional con la promoci\u00f3n del respeto, la seguridad y la protecci\u00f3n [...]\t\t\t\t\t<\/p>\n\t\t\t\t\t                    \n\t\t\t\t\t\n\t\t\t\t\t\n\t\t\t\t\t<\/div><!-- .box-text-inner -->\n\t\t\t\t\t<\/div><!-- .box-text -->\n\t\t\t\t\t\t\t\t\t\t\t\t\t\t\t\t<div class=\"badge absolute top post-date badge-outline\">\n\t\t\t\t\t\t\t<div class=\"badge-inner\">\n\t\t\t\t\t\t\t\t<span class=\"post-date-day\">24<\/span><br>\n\t\t\t\t\t\t\t\t<span class=\"post-date-month is-xsmall\">Abr<\/span>\n\t\t\t\t\t\t\t<\/div>\n\t\t\t\t\t\t<\/div>\n\t\t\t\t\t\t\t\t\t<\/div><!-- .box -->\n\t\t\t\t<\/a><!-- .link -->\n\t\t\t<\/div><!-- .col-inner -->\n\t\t<\/div><!-- .col -->\n\t\t<div class=\"col post-item\" >\n\t\t\t<div class=\"col-inner\">\n\t\t\t<a href=\"https:\/\/hsdp.gov.co\/portal\/ley-de-transparencia\/2-informacion-de-interes\/noticias\/hospital-san-juan-de-dios-de-pamplona-realizo-con-exito-la-jornada-cuidarte-es-amarte-en-conmemoracion-del-dia-internacional-de-la-mujer\/\" class=\"plain\">\n\t\t\t\t<div class=\"box box-bounce box-text-bottom box-blog-post has-hover\">\n            \t\t\t\t\t<div class=\"box-image\" >\n  \t\t\t\t\t\t<div class=\"image-cover\" style=\"padding-top:56.25%;\">\n  \t\t\t\t\t\t\t<img loading=\"lazy\" decoding=\"async\" width=\"748\" height=\"400\" src=\"https:\/\/hsdp.gov.co\/portal\/wp-content\/uploads\/2025\/12\/portada-q-748x400.png\" class=\"attachment-medium size-medium wp-post-image\" alt=\"\" srcset=\"https:\/\/hsdp.gov.co\/portal\/wp-content\/uploads\/2025\/12\/portada-q-748x400.png 748w, https:\/\/hsdp.gov.co\/portal\/wp-content\/uploads\/2025\/12\/portada-q-768x411.png 768w, https:\/\/hsdp.gov.co\/portal\/wp-content\/uploads\/2025\/12\/portada-q.png 868w\" sizes=\"(max-width: 748px) 100vw, 748px\" \/>  \t\t\t\t\t\t\t  \t\t\t\t\t\t\t  \t\t\t\t\t\t<\/div>\n  \t\t\t\t\t\t  \t\t\t\t\t<\/div><!-- .box-image -->\n          \t\t\t\t\t<div class=\"box-text text-center\" >\n\t\t\t\t\t<div class=\"box-text-inner blog-post-inner\">\n\n\t\t\t\t\t\n\t\t\t\t\t\t\t\t\t\t<h5 class=\"post-title is-large \">Hospital San Juan de Dios de Pamplona realiz\u00f3 con \u00e9xito la jornada \u201cCuidarte es Amarte\u201d en conmemoraci\u00f3n del D\u00eda Internacional de la Mujer<\/h5>\n\t\t\t\t\t\t\t\t\t\t<div class=\"is-divider\"><\/div>\n\t\t\t\t\t\t\t\t\t\t<p class=\"from_the_blog_excerpt \">Con el prop\u00f3sito de promover la salud, el bienestar y el autocuidado femenino, la E.S.E. [...]\t\t\t\t\t<\/p>\n\t\t\t\t\t                    \n\t\t\t\t\t\n\t\t\t\t\t\n\t\t\t\t\t<\/div><!-- .box-text-inner -->\n\t\t\t\t\t<\/div><!-- .box-text -->\n\t\t\t\t\t\t\t\t\t\t\t\t\t\t\t\t<div class=\"badge absolute top post-date badge-outline\">\n\t\t\t\t\t\t\t<div class=\"badge-inner\">\n\t\t\t\t\t\t\t\t<span class=\"post-date-day\">10<\/span><br>\n\t\t\t\t\t\t\t\t<span class=\"post-date-month is-xsmall\">Mar<\/span>\n\t\t\t\t\t\t\t<\/div>\n\t\t\t\t\t\t<\/div>\n\t\t\t\t\t\t\t\t\t<\/div><!-- .box -->\n\t\t\t\t<\/a><!-- .link -->\n\t\t\t<\/div><!-- .col-inner -->\n\t\t<\/div><!-- .col -->\n\t\t<div class=\"col post-item\" >\n\t\t\t<div class=\"col-inner\">\n\t\t\t<a href=\"https:\/\/hsdp.gov.co\/portal\/ley-de-transparencia\/2-informacion-de-interes\/noticias\/reunion-de-usuarios-y-hospital-san-juan-de-dios-socializacion-de-la-segunda-fase-de-equipos-basicos\/\" class=\"plain\">\n\t\t\t\t<div class=\"box box-bounce box-text-bottom box-blog-post has-hover\">\n            \t\t\t\t\t<div class=\"box-image\" >\n  \t\t\t\t\t\t<div class=\"image-cover\" style=\"padding-top:56.25%;\">\n  \t\t\t\t\t\t\t<img loading=\"lazy\" decoding=\"async\" width=\"748\" height=\"400\" src=\"https:\/\/hsdp.gov.co\/portal\/wp-content\/uploads\/2024\/09\/Mesa-de-trabajo-3-748x400.png\" class=\"attachment-medium size-medium wp-post-image\" alt=\"\" srcset=\"https:\/\/hsdp.gov.co\/portal\/wp-content\/uploads\/2024\/09\/Mesa-de-trabajo-3-748x400.png 748w, https:\/\/hsdp.gov.co\/portal\/wp-content\/uploads\/2024\/09\/Mesa-de-trabajo-3-768x411.png 768w, https:\/\/hsdp.gov.co\/portal\/wp-content\/uploads\/2024\/09\/Mesa-de-trabajo-3.png 1085w\" sizes=\"(max-width: 748px) 100vw, 748px\" \/>  \t\t\t\t\t\t\t  \t\t\t\t\t\t\t  \t\t\t\t\t\t<\/div>\n  \t\t\t\t\t\t  \t\t\t\t\t<\/div><!-- .box-image -->\n          \t\t\t\t\t<div class=\"box-text text-center\" >\n\t\t\t\t\t<div class=\"box-text-inner blog-post-inner\">\n\n\t\t\t\t\t\n\t\t\t\t\t\t\t\t\t\t<h5 class=\"post-title is-large \">Reuni\u00f3n de Usuarios y Hospital San Juan de Dios: Socializaci\u00f3n de la Segunda Fase de Equipos B\u00e1sicos<\/h5>\n\t\t\t\t\t\t\t\t\t\t<div class=\"is-divider\"><\/div>\n\t\t\t\t\t\t\t\t\t\t<p class=\"from_the_blog_excerpt \">Bajo la direcci\u00f3n del Dr. Luis Daniel Verjel S\u00e1nchez, gerente de la E.S.E. Hospital San [...]\t\t\t\t\t<\/p>\n\t\t\t\t\t                    \n\t\t\t\t\t\n\t\t\t\t\t\n\t\t\t\t\t<\/div><!-- .box-text-inner -->\n\t\t\t\t\t<\/div><!-- .box-text -->\n\t\t\t\t\t\t\t\t\t\t\t\t\t\t\t\t<div class=\"badge absolute top post-date badge-outline\">\n\t\t\t\t\t\t\t<div class=\"badge-inner\">\n\t\t\t\t\t\t\t\t<span class=\"post-date-day\">06<\/span><br>\n\t\t\t\t\t\t\t\t<span class=\"post-date-month is-xsmall\">Sep<\/span>\n\t\t\t\t\t\t\t<\/div>\n\t\t\t\t\t\t<\/div>\n\t\t\t\t\t\t\t\t\t<\/div><!-- .box -->\n\t\t\t\t<\/a><!-- .link -->\n\t\t\t<\/div><!-- .col-inner -->\n\t\t<\/div><!-- .col -->\n\t\t<div class=\"col post-item\" >\n\t\t\t<div class=\"col-inner\">\n\t\t\t<a href=\"https:\/\/hsdp.gov.co\/portal\/ley-de-transparencia\/2-informacion-de-interes\/noticias\/reunion-entre-la-asociacion-de-usuarios-y-lideres-de-procesos-del-hospital-san-juan-de-dios-de-pamplona\/\" class=\"plain\">\n\t\t\t\t<div class=\"box box-bounce box-text-bottom box-blog-post has-hover\">\n            \t\t\t\t\t<div class=\"box-image\" >\n  \t\t\t\t\t\t<div class=\"image-cover\" style=\"padding-top:56.25%;\">\n  \t\t\t\t\t\t\t<img loading=\"lazy\" decoding=\"async\" width=\"748\" height=\"400\" src=\"https:\/\/hsdp.gov.co\/portal\/wp-content\/uploads\/2024\/06\/usuarios-748x400.jpg\" class=\"attachment-medium size-medium wp-post-image\" alt=\"\" srcset=\"https:\/\/hsdp.gov.co\/portal\/wp-content\/uploads\/2024\/06\/usuarios-748x400.jpg 748w, https:\/\/hsdp.gov.co\/portal\/wp-content\/uploads\/2024\/06\/usuarios-768x411.jpg 768w, https:\/\/hsdp.gov.co\/portal\/wp-content\/uploads\/2024\/06\/usuarios.jpg 1085w\" sizes=\"(max-width: 748px) 100vw, 748px\" \/>  \t\t\t\t\t\t\t  \t\t\t\t\t\t\t  \t\t\t\t\t\t<\/div>\n  \t\t\t\t\t\t  \t\t\t\t\t<\/div><!-- .box-image -->\n          \t\t\t\t\t<div class=\"box-text text-center\" >\n\t\t\t\t\t<div class=\"box-text-inner blog-post-inner\">\n\n\t\t\t\t\t\n\t\t\t\t\t\t\t\t\t\t<h5 class=\"post-title is-large \">Reuni\u00f3n entre la Asociaci\u00f3n de Usuarios y L\u00edderes de Procesos del Hospital San Juan de Dios de Pamplona<\/h5>\n\t\t\t\t\t\t\t\t\t\t<div class=\"is-divider\"><\/div>\n\t\t\t\t\t\t\t\t\t\t<p class=\"from_the_blog_excerpt \">En un esfuerzo por fortalecer la colaboraci\u00f3n institucional y mejorar la calidad de los servicios [...]\t\t\t\t\t<\/p>\n\t\t\t\t\t                    \n\t\t\t\t\t\n\t\t\t\t\t\n\t\t\t\t\t<\/div><!-- .box-text-inner -->\n\t\t\t\t\t<\/div><!-- .box-text -->\n\t\t\t\t\t\t\t\t\t\t\t\t\t\t\t\t<div class=\"badge absolute top post-date badge-outline\">\n\t\t\t\t\t\t\t<div class=\"badge-inner\">\n\t\t\t\t\t\t\t\t<span class=\"post-date-day\">02<\/span><br>\n\t\t\t\t\t\t\t\t<span class=\"post-date-month is-xsmall\">May<\/span>\n\t\t\t\t\t\t\t<\/div>\n\t\t\t\t\t\t<\/div>\n\t\t\t\t\t\t\t\t\t<\/div><!-- .box -->\n\t\t\t\t<\/a><!-- .link -->\n\t\t\t<\/div><!-- .col-inner -->\n\t\t<\/div><!-- .col -->\n<\/div>\n\n\n","protected":false},"excerpt":{"rendered":"","protected":false},"author":1,"featured_media":0,"parent":0,"menu_order":0,"comment_status":"closed","ping_status":"closed","template":"","meta":{"footnotes":""},"_links":{"self":[{"href":"https:\/\/hsdp.gov.co\/portal\/wp-json\/wp\/v2\/pages\/5069"}],"collection":[{"href":"https:\/\/hsdp.gov.co\/portal\/wp-json\/wp\/v2\/pages"}],"about":[{"href":"https:\/\/hsdp.gov.co\/portal\/wp-json\/wp\/v2\/types\/page"}],"author":[{"embeddable":true,"href":"https:\/\/hsdp.gov.co\/portal\/wp-json\/wp\/v2\/users\/1"}],"replies":[{"embeddable":true,"href":"https:\/\/hsdp.gov.co\/portal\/wp-json\/wp\/v2\/comments?post=5069"}],"version-history":[{"count":20,"href":"https:\/\/hsdp.gov.co\/portal\/wp-json\/wp\/v2\/pages\/5069\/revisions"}],"predecessor-version":[{"id":14045,"href":"https:\/\/hsdp.gov.co\/portal\/wp-json\/wp\/v2\/pages\/5069\/revisions\/14045"}],"wp:attachment":[{"href":"https:\/\/hsdp.gov.co\/portal\/wp-json\/wp\/v2\/media?parent=5069"}],"curies":[{"name":"wp","href":"https:\/\/api.w.org\/{rel}","templated":true}]}}