{"id":4105,"date":"2021-04-21T23:54:11","date_gmt":"2021-04-21T21:54:11","guid":{"rendered":"http:\/\/hsdp.gov.co\/portal\/?page_id=4105"},"modified":"2022-04-28T17:50:05","modified_gmt":"2022-04-28T15:50:05","slug":"rendicion-de-cuentas-2020","status":"publish","type":"page","link":"https:\/\/hsdp.gov.co\/portal\/rendicion-de-cuentas-2020\/","title":{"rendered":"Rendici\u00f3n de Cuentas 2020"},"content":{"rendered":"\n\n\n\n\n<p><code><div class=\"_df_book df-container df-loading \" id=\"df_4100\"  wpoptions=\"true\" ><\/div><script data-cfasync=\"false\">var option_df_4100 = {\"outline\":[],\"forceFit\":\"true\",\"autoEnableOutline\":\"false\",\"autoEnableThumbnail\":\"false\",\"overwritePDFOutline\":\"false\",\"direction\":\"1\",\"pageMode\":\"0\",\"source\":\"http:\\\/\\\/hsdp.gov.co\\\/portal\\\/wp-content\\\/uploads\\\/2021\\\/04\\\/RENDICION_CTAS-2020.pdf\",\"wpOptions\":\"true\"}; if(window.DFLIP && DFLIP.parseBooks){DFLIP.parseBooks();}<\/script><\/code><\/p>\n\n\n\n\n\n\n<\/p>\n  <div id=\"page-header-1531664244\" class=\"page-header-wrapper\">\n  <div class=\"page-title dark featured-title\">\n\n    \n    <div class=\"page-title-inner container align-center text-center flex-row-col medium-flex-wrap\" >\n              <div class=\"title-wrapper flex-col\">\n          <h1 class=\"entry-title mb-0\">\n            Informe Evaluaci\u00f3n Audiencia P\u00fablica de Rendici\u00f3n de Cuentas 2020          <\/h1>\n        <\/div>\n                    <div class=\"title-content flex-col\">\n              <\/div>\n    <\/div><!-- flex-row -->\n\n     \n<style scope=\"scope\">\n\n#page-header-1531664244 .title-bg {\n  \n}\n<\/style>\n  <\/div><!-- .page-title -->\n    <\/div><!-- .page-header-wrapper -->\n  \n<div class=\"_df_book df-container df-loading \" id=\"df_4421\"  wpoptions=\"true\" ><\/div><script data-cfasync=\"false\">var option_df_4421 = {\"outline\":[],\"forceFit\":\"true\",\"autoEnableOutline\":\"false\",\"autoEnableThumbnail\":\"false\",\"overwritePDFOutline\":\"false\",\"direction\":\"1\",\"pageMode\":\"0\",\"source\":\"http:\\\/\\\/hsdp.gov.co\\\/portal\\\/wp-content\\\/uploads\\\/2021\\\/06\\\/INFORME-EVALUACION-AUDIENCIA-PUBLICA.pdf\",\"wpOptions\":\"true\"}; if(window.DFLIP && DFLIP.parseBooks){DFLIP.parseBooks();}<\/script>\n","protected":false},"excerpt":{"rendered":"","protected":false},"author":1,"featured_media":0,"parent":0,"menu_order":0,"comment_status":"closed","ping_status":"closed","template":"","meta":{"footnotes":""},"_links":{"self":[{"href":"https:\/\/hsdp.gov.co\/portal\/wp-json\/wp\/v2\/pages\/4105"}],"collection":[{"href":"https:\/\/hsdp.gov.co\/portal\/wp-json\/wp\/v2\/pages"}],"about":[{"href":"https:\/\/hsdp.gov.co\/portal\/wp-json\/wp\/v2\/types\/page"}],"author":[{"embeddable":true,"href":"https:\/\/hsdp.gov.co\/portal\/wp-json\/wp\/v2\/users\/1"}],"replies":[{"embeddable":true,"href":"https:\/\/hsdp.gov.co\/portal\/wp-json\/wp\/v2\/comments?post=4105"}],"version-history":[{"count":12,"href":"https:\/\/hsdp.gov.co\/portal\/wp-json\/wp\/v2\/pages\/4105\/revisions"}],"predecessor-version":[{"id":6046,"href":"https:\/\/hsdp.gov.co\/portal\/wp-json\/wp\/v2\/pages\/4105\/revisions\/6046"}],"wp:attachment":[{"href":"https:\/\/hsdp.gov.co\/portal\/wp-json\/wp\/v2\/media?parent=4105"}],"curies":[{"name":"wp","href":"https:\/\/api.w.org\/{rel}","templated":true}]}}