{"id":2963,"date":"2020-11-18T17:17:22","date_gmt":"2020-11-18T16:17:22","guid":{"rendered":"http:\/\/hsdp.gov.co\/portal\/?page_id=2963"},"modified":"2025-11-15T14:45:20","modified_gmt":"2025-11-15T19:45:20","slug":"directorio-institucional","status":"publish","type":"page","link":"https:\/\/hsdp.gov.co\/portal\/directorio-institucional\/","title":{"rendered":"Directorio Institucional"},"content":{"rendered":"\n\t<section class=\"section\" id=\"section_984771535\">\n\t\t<div class=\"bg section-bg fill bg-fill  bg-loaded\" >\n\n\t\t\t\n\t\t\t\n\t\t\t\n\n\t\t<\/div><!-- .section-bg -->\n\n\t\t<div class=\"section-content relative\">\n\t\t\t\n\n<div class=\"row\"  id=\"row-2065877845\">\n\n<div class=\"col small-12 large-12\"  ><div class=\"col-inner\"  >\n\n<div class=\"container section-title-container\" style=\"margin-top:-30px;margin-bottom:-11px;\"><h3 class=\"section-title section-title-bold-center\"><b><\/b><span class=\"section-title-main\" style=\"color:rgb(26, 189, 36);\">Directorio Institucional<\/span><b><\/b><\/h3><\/div><!-- .section-title -->\n\n\n<\/div><\/div>\n\n<\/div>\n<div class=\"row\"  id=\"row-2025495789\">\n\n<div class=\"col medium-4 small-12 large-4\"  ><div class=\"col-inner\" style=\"padding:0px 0px 0px 0px;margin:0px 0px -30px 0px;\" >\n\n<a class=\"button primary is-underline\"  >\n    <span>Gerencia<\/span>\n  <\/a>\n\n\n<p>Luis Daniel Vergel S\u00e1nchez<br \/><strong>Correo: <\/strong>gerencia@hsdp.gov.co<\/p>\n<p>\u00a0<\/p>\n\n<\/div><\/div>\n<div class=\"col medium-4 small-12 large-4\"  ><div class=\"col-inner\" style=\"margin:0px 0px -30px 0px;\" >\n\n<a class=\"button primary is-underline\"  >\n    <span>SUBDIRECCI\u00d3N CIENT\u00cdFICA<\/span>\n  <\/a>\n\n\n<p>Luz Magali Velandia Parada<br \/><strong>Correo:<\/strong> subcientifica@hsdp.gov.co<\/p>\n<p>\u00a0<\/p>\n\n<\/div><\/div>\n<div class=\"col medium-4 small-12 large-4\"  ><div class=\"col-inner\" style=\"margin:0px 0px -30px 0px;\" >\n\n<a class=\"button primary is-underline\"  >\n    <span>SUBDIRECCI\u00d3N Administrativa (E)<\/span>\n  <\/a>\n\n\n<p>Carlos Ernesto Rozo Toloza<br \/><strong>Correo:<\/strong> subadmin@hsdp.gov.co<\/p>\n<p>\u00a0<\/p>\n\n<\/div><\/div>\n<div class=\"col medium-4 small-12 large-4\"  ><div class=\"col-inner\" style=\"margin:0px 0px -30px 0px;\" >\n\n<a class=\"button primary is-underline\"  >\n    <span>Talento Humano<\/span>\n  <\/a>\n\n\n<p>Carlos Ernesto Rozo Toloza<br \/><strong>Correo:<\/strong> talentohumano@hsdp.gov.co<\/p>\n<p>\u00a0<\/p>\n\n<\/div><\/div>\n<div class=\"col medium-4 small-12 large-4\"  ><div class=\"col-inner\" style=\"margin:0px 0px -30px 0px;\" >\n\n<a class=\"button primary is-underline\"  >\n    <span>Control Interno de Gesti\u00f3n<\/span>\n  <\/a>\n\n\n<p>Janneth Patricia Roncancio Rodriguez<br \/><strong>Correo:<\/strong> cigestion@hsdp.gov.co<\/p>\n<p>\u00a0<\/p>\n\n<\/div><\/div>\n<div class=\"col medium-4 small-12 large-4\"  ><div class=\"col-inner\" style=\"margin:0px 0px -30px 0px;\" >\n\n<a class=\"button primary is-underline\"  >\n    <span>Contrataci\u00f3n PERSONAL<\/span>\n  <\/a>\n\n\n<p>David Andr\u00e9s Dur\u00e1n Carvajal<br \/><strong>Correo:<\/strong> opscontratacion@hsdp.gov.co<\/p>\n<p>\u00a0<\/p>\n\n<\/div><\/div>\n<div class=\"col medium-4 small-12 large-4\"  ><div class=\"col-inner\" style=\"margin:0px 0px -40px 0px;\" >\n\n<a class=\"button primary is-underline\"  >\n    <span>Contrataci\u00f3n Bienes servicios<\/span>\n  <\/a>\n\n\n<p>Diana Hern\u00e1ndez Barajas<br \/><strong>Correo:<\/strong> contratacion@hsdp.gov.co<\/p>\n<p>\u00a0<\/p>\n\n<\/div><\/div>\n<div class=\"col medium-4 small-12 large-4\"  ><div class=\"col-inner\" style=\"margin:0px 0px -40px 0px;\" >\n\n<a class=\"button primary is-underline\"  >\n    <span>Tesorer\u00eda<\/span>\n  <\/a>\n\n\n<p>Camilo Jauregui Hern\u00e1ndez<br \/><strong>Correo:<\/strong> tesoreria@hsdp.gov.co<\/p>\n<p>\u00a0<\/p>\n\n<\/div><\/div>\n<div class=\"col medium-4 small-12 large-4\"  ><div class=\"col-inner\" style=\"margin:0px 0px -40px 0px;\" >\n\n<a class=\"button primary is-underline\"  >\n    <span>Presupuesto<\/span>\n  <\/a>\n\n\n<p>Deisy Lorena Guerrero<br \/><strong>Correo:<\/strong> presupuesto@hsdp.gov.co<\/p>\n<p>\u00a0<\/p>\n\n<\/div><\/div>\n<div class=\"col medium-4 small-12 large-4\"  ><div class=\"col-inner\" style=\"margin:0px 0px -30px 0px;\" >\n\n<a class=\"button primary is-underline\"  >\n    <span>COntabilidad<\/span>\n  <\/a>\n\n\n<p>Iv\u00e1n Diomedes P\u00e1ez Parada<br \/><strong>Correo:<\/strong> contabilidad@hsdp.gov.co<\/p>\n<p>\u00a0<\/p>\n\n<\/div><\/div>\n<div class=\"col medium-4 small-12 large-4\"  ><div class=\"col-inner\" style=\"margin:0px 0px -30px 0px;\" >\n\n<a class=\"button primary is-underline\"  >\n    <span>Sistemas<\/span>\n  <\/a>\n\n\n<p>Jair Jos\u00e9 Ca\u00f1ate Celed\u00f3n<br \/><strong>Correo:<\/strong> sistemas@hsdp.gov.co<\/p>\n<p>\u00a0<\/p>\n\n<\/div><\/div>\n<div class=\"col medium-4 small-12 large-4\"  ><div class=\"col-inner\" style=\"margin:0px 0px -30px 0px;\" >\n\n<a class=\"button primary is-underline\"  >\n    <span>SIAU<\/span>\n  <\/a>\n\n\n<p>Mar\u00eda Jos\u00e9 Carrillo Becerra<br \/><strong>Correo:<\/strong> siau@hsdp.gov.co<\/p>\n<p>\u00a0<\/p>\n\n<\/div><\/div>\n<div class=\"col medium-4 small-12 large-4\"  ><div class=\"col-inner\" style=\"margin:0px 0px -30px 0px;\" >\n\n<a class=\"button primary is-underline\"  >\n    <span>Calidad<\/span>\n  <\/a>\n\n\n<p>Patricia Garc\u00eda Duarte<br \/><strong>Correo:<\/strong> calidad@hsdp.gov.co<\/p>\n<p>\u00a0<\/p>\n\n<\/div><\/div>\n<div class=\"col medium-4 small-12 large-4\"  ><div class=\"col-inner\" style=\"margin:0px 0px -30px 0px;\" >\n\n<a class=\"button primary is-underline\"  >\n    <span>Gesti\u00f3n documental<\/span>\n  <\/a>\n\n\n<p>Bladimir S\u00e1nchez<br \/><strong>Correo:<\/strong> gestiondocumental@hsdp.gov.co<\/p>\n<p>\u00a0<\/p>\n\n<\/div><\/div>\n<div class=\"col medium-4 small-12 large-4\"  ><div class=\"col-inner\" style=\"margin:0px 0px -30px 0px;\" >\n\n<a class=\"button primary is-underline\"  >\n    <span>Recursos F\u00edsicos<\/span>\n  <\/a>\n\n\n<p>Wandel Solano Rodr\u00edguez<br \/><strong>Correo:<\/strong> recursosf\u00edsicos@hsdp.gov.co<\/p>\n<p>\u00a0<\/p>\n\n<\/div><\/div>\n<div class=\"col medium-4 small-12 large-4\"  ><div class=\"col-inner\" style=\"margin:0px 0px -30px 0px;\" >\n\n<a class=\"button primary is-underline\"  >\n    <span>Archivo cl\u00ednico<\/span>\n  <\/a>\n\n\n<p>Jair Jos\u00e9 Ca\u00f1ate Calder\u00f3n<br \/><strong>Correo:<\/strong> historiasclinicas@hsdp.gov.co<\/p>\n<p>\u00a0<\/p>\n\n<\/div><\/div>\n<div class=\"col medium-4 small-12 large-4\"  ><div class=\"col-inner\" style=\"margin:0px 0px -30px 0px;\" >\n\n<a class=\"button primary is-underline\"  >\n    <span>Cartera<\/span>\n  <\/a>\n\n\n<p>Nidia Socorro Rivera<br \/><strong>Correo:<\/strong> cartera@hsdp.gov.co<\/p>\n<p>\u00a0<\/p>\n\n<\/div><\/div>\n<div class=\"col medium-4 small-12 large-4\"  ><div class=\"col-inner\" style=\"margin:0px 0px -30px 0px;\" >\n\n<a class=\"button primary is-underline\"  >\n    <span>Comunicaciones<\/span>\n  <\/a>\n\n\n<p>Yamdry Mart\u00ednez Celis<br \/><strong>Correo:<\/strong> comunicaciones@hsdp.gov.co<\/p>\n<p>\u00a0<\/p>\n\n<\/div><\/div>\n<div class=\"col medium-4 small-12 large-4\"  ><div class=\"col-inner\" style=\"margin:0px 0px -30px 0px;\" >\n\n<a class=\"button primary is-underline\"  >\n    <span>Sistema de Gesti\u00f3n SST<\/span>\n  <\/a>\n\n\n<p>Marcela Real Capacho<br \/><strong>Correo:<\/strong> sgsst@gmail.com<\/p>\n<p>\u00a0<\/p>\n\n<\/div><\/div>\n<div class=\"col medium-4 small-12 large-4\"  ><div class=\"col-inner\" style=\"margin:0px 0px -30px 0px;\" >\n\n<a class=\"button primary is-underline\"  >\n    <span>Pyms<\/span>\n  <\/a>\n\n\n<p>Sandra Fabiola Gamboa Rojas<br \/><strong>Correo:<\/strong> pyp@hsdp.gov.co<\/p>\n<p>\u00a0<\/p>\n\n<\/div><\/div>\n<div class=\"col medium-4 small-12 large-4\"  ><div class=\"col-inner\" style=\"margin:0px 0px -30px 0px;\" >\n\n<a class=\"button primary is-underline\"  >\n    <span>PAI<\/span>\n  <\/a>\n\n\n<p>Andrea Maldonado Gamboa<br \/><strong>Correo:<\/strong>hospitalpamplinapai1@gmail.com<\/p>\n<p>\u00a0<\/p>\n\n<\/div><\/div>\n<div class=\"col medium-4 small-12 large-4\"  ><div class=\"col-inner\" style=\"margin:0px 0px -30px 0px;\" >\n\n<a class=\"button primary is-underline\"  >\n    <span>Riesgo Cardiovascular<\/span>\n  <\/a>\n\n\n<p>Ingrid Yaneth Bustos Fern\u00e1ndez<br \/><strong>Correo:<\/strong>pypcronicoashsjdp@gmail.com<\/p>\n<p>\u00a0<\/p>\n\n<\/div><\/div>\n<div class=\"col medium-4 small-12 large-4\"  ><div class=\"col-inner\" style=\"margin:0px 0px -30px 0px;\" >\n\n<a class=\"button primary is-underline\"  >\n    <span>Vigilancia Epidemiol\u00f3gica<\/span>\n  <\/a>\n\n\n<p>Isabel Cristina Arias Vera<br \/><strong>Correo: <\/strong>sivigilaese5@gmail.com<\/p>\n<p>\u00a0<\/p>\n\n<\/div><\/div>\n<div class=\"col medium-4 small-12 large-4\"  ><div class=\"col-inner\" style=\"margin:0px 0px -30px 0px;\" >\n\n<a class=\"button primary is-underline\"  >\n    <span>Laboratorio Cl\u00ednico<\/span>\n  <\/a>\n\n\n<p>Mary Yatapawa Rojas Gonz\u00e1lez<br \/><strong>Correo: <\/strong>laboratorioclinico@hsdp.gov.co<\/p>\n<p>\u00a0<\/p>\n\n<\/div><\/div>\n<div class=\"col medium-4 small-12 large-4\"  ><div class=\"col-inner\" style=\"margin:0px 0px -30px 0px;\" >\n\n<a class=\"button primary is-underline\"  >\n    <span>Imagenolog\u00eda<\/span>\n  <\/a>\n\n\n<p>Alexander Alandette Sierra<br \/><strong>Correo: <\/strong> Imagenologia@hsdp.gov.co<\/p>\n<p>\u00a0<\/p>\n\n<\/div><\/div>\n<div class=\"col medium-4 small-12 large-4\"  ><div class=\"col-inner\" style=\"margin:0px 0px -30px 0px;\" >\n\n<a class=\"button primary is-underline\"  >\n    <span>Farmacia<\/span>\n  <\/a>\n\n\n<p>Pedro Jos\u00e9 Ortiz Ortega<br \/><strong>Correo: <\/strong> Imagenologia@hsdp.gov.co<\/p>\n<p>\u00a0<\/p>\n\n<\/div><\/div>\n<div class=\"col medium-4 small-12 large-4\"  ><div class=\"col-inner\" style=\"margin:0px 0px -30px 0px;\" >\n\n<a class=\"button primary is-underline\"  >\n    <span>Odontolog\u00eda<\/span>\n  <\/a>\n\n\n<p>Alaexandra Rangel<br \/><strong>Correo: <\/strong> odontolog\u00eda@hsdp.gov.co<\/p>\n<p>\u00a0<\/p>\n\n<\/div><\/div>\n<div class=\"col medium-4 small-12 large-4\"  ><div class=\"col-inner\" style=\"margin:0px 0px -45px 0px;\" >\n\n<a class=\"button primary is-underline\"  >\n    <span>Salud P\u00fablica<\/span>\n  <\/a>\n\n\n<p>Leidy Duarte<br \/><strong>Correo: <\/strong> s.publicapamplona2020@gmail.com<\/p>\n<p>\u00a0<\/p>\n\n<\/div><\/div>\n<div class=\"col medium-4 small-12 large-4\"  ><div class=\"col-inner\" style=\"margin:0px 0px -30px 0px;\" >\n\n<a class=\"button primary is-underline\"  >\n    <span>Urgencias<\/span>\n  <\/a>\n\n\n<p><strong>Correo: <\/strong> urgencias@hsdp.gov.co<\/p>\n<p>\u00a0<\/p>\n\n<\/div><\/div>\n\n<\/div>\n\n\t\t<\/div><!-- .section-content -->\n\n\t\t\n<style scope=\"scope\">\n\n#section_984771535 {\n  padding-top: 30px;\n  padding-bottom: 30px;\n}\n<\/style>\n\t<\/section>\n\t\n\n","protected":false},"excerpt":{"rendered":"","protected":false},"author":1,"featured_media":0,"parent":0,"menu_order":0,"comment_status":"closed","ping_status":"closed","template":"","meta":{"footnotes":""},"_links":{"self":[{"href":"https:\/\/hsdp.gov.co\/portal\/wp-json\/wp\/v2\/pages\/2963"}],"collection":[{"href":"https:\/\/hsdp.gov.co\/portal\/wp-json\/wp\/v2\/pages"}],"about":[{"href":"https:\/\/hsdp.gov.co\/portal\/wp-json\/wp\/v2\/types\/page"}],"author":[{"embeddable":true,"href":"https:\/\/hsdp.gov.co\/portal\/wp-json\/wp\/v2\/users\/1"}],"replies":[{"embeddable":true,"href":"https:\/\/hsdp.gov.co\/portal\/wp-json\/wp\/v2\/comments?post=2963"}],"version-history":[{"count":27,"href":"https:\/\/hsdp.gov.co\/portal\/wp-json\/wp\/v2\/pages\/2963\/revisions"}],"predecessor-version":[{"id":14041,"href":"https:\/\/hsdp.gov.co\/portal\/wp-json\/wp\/v2\/pages\/2963\/revisions\/14041"}],"wp:attachment":[{"href":"https:\/\/hsdp.gov.co\/portal\/wp-json\/wp\/v2\/media?parent=2963"}],"curies":[{"name":"wp","href":"https:\/\/api.w.org\/{rel}","templated":true}]}}