{"id":2899,"date":"2020-11-09T23:57:04","date_gmt":"2020-11-09T22:57:04","guid":{"rendered":"http:\/\/hsdp.gov.co\/portal\/?page_id=2899"},"modified":"2020-12-01T23:18:34","modified_gmt":"2020-12-01T22:18:34","slug":"contratacion","status":"publish","type":"page","link":"https:\/\/hsdp.gov.co\/portal\/contratacion\/","title":{"rendered":"Contrataci\u00f3n"},"content":{"rendered":"\n\t<section class=\"section\" id=\"section_853789504\">\n\t\t<div class=\"bg section-bg fill bg-fill  bg-loaded\" >\n\n\t\t\t\n\t\t\t\n\t\t\t\n\n\t\t<\/div><!-- .section-bg -->\n\n\t\t<div class=\"section-content relative\">\n\t\t\t\n\n<div class=\"row\"  id=\"row-903983075\">\n\n<div class=\"col small-12 large-12\"  ><div class=\"col-inner text-center dark\" style=\"background-color:#068ebf;\" >\n\n<h2>Contrataci\u00f3n<\/h2>\n\n<\/div><\/div>\n\n<\/div>\n\n\t\t<\/div><!-- .section-content -->\n\n\t\t\n<style scope=\"scope\">\n\n#section_853789504 {\n  padding-top: 30px;\n  padding-bottom: 30px;\n}\n<\/style>\n\t<\/section>\n\t\n\t<section class=\"section\" id=\"section_1307210343\">\n\t\t<div class=\"bg section-bg fill bg-fill  bg-loaded\" >\n\n\t\t\t\n\t\t\t\n\t\t\t\n\n\t\t<\/div><!-- .section-bg -->\n\n\t\t<div class=\"section-content relative\">\n\t\t\t\n\n<div class=\"row\"  id=\"row-510723934\">\n\n<div class=\"col small-12 large-12\"  ><div class=\"col-inner\"  >\n\n\n  \n    <div class=\"row large-columns-4 medium-columns-1 small-columns-1\">\n  \t\t<div class=\"col post-item\" >\n\t\t\t<div class=\"col-inner\">\n\t\t\t<a href=\"https:\/\/hsdp.gov.co\/portal\/contratos\/prestacion-de-los-servicios-de-transporte-de-personal-de-equipos-basicos-en-salud-aps-en-los-municipios-de-pamplona-pamplonita-chitaga-cucutilla-silos-mutiscua-cacota-y-la-atencion-de-servicio\/\" class=\"plain\">\n\t\t\t\t<div class=\"box box-normal box-text-bottom box-blog-post has-hover\">\n          \t\t\t\t\t<div class=\"box-text text-center\" >\n\t\t\t\t\t<div class=\"box-text-inner blog-post-inner\">\n\n\t\t\t\t\t\n\t\t\t\t\t\t\t\t\t\t<h5 class=\"post-title is-large \">PRESTACI\u00d3N DE LOS SERVICIOS DE TRANSPORTE DE PERSONAL DE EQUIPOS B\u00c1SICOS EN SALUD (APS) EN LOS MUNICIPIOS DE PAMPLONA, PAMPLONITA, CHITAG\u00c1, CUCUTILLA, SILOS, MUT\u00cdSCUA, C\u00c1COTA Y LA ATENCI\u00d3N DE SERVICIOS ESPECIALIZADOS CONTEMPLADOS EN LA RESOLUCI\u00d3N 698 DEL 2025, PARTE DE LA RED PRESTADORA DE LA ESE HOSPITAL SAN JUAN DE DIOS DE PAMPLONA<\/h5>\n\t\t\t\t\t<div class=\"post-meta is-small op-8\">16 abril, 2026<\/div>\t\t\t\t\t<div class=\"is-divider\"><\/div>\n\t\t\t\t\t\t\t\t\t\t<p class=\"from_the_blog_excerpt \">SECOP 2:https:\/\/community.secop.gov.co\/Public\/Tendering\/ContractNoticePhases\/View?PPI=CO1.PPI.47098658&amp;isFromPublicArea=True&amp;isModal=False [...]\t\t\t\t\t<\/p>\n\t\t\t\t\t                    \n\t\t\t\t\t\n\t\t\t\t\t\n\t\t\t\t\t<\/div><!-- .box-text-inner -->\n\t\t\t\t\t<\/div><!-- .box-text -->\n\t\t\t\t\t\t\t\t\t<\/div><!-- .box -->\n\t\t\t\t<\/a><!-- .link -->\n\t\t\t<\/div><!-- .col-inner -->\n\t\t<\/div><!-- .col -->\n\t\t<div class=\"col post-item\" >\n\t\t\t<div class=\"col-inner\">\n\t\t\t<a href=\"https:\/\/hsdp.gov.co\/portal\/ley-de-transparencia\/contratacion\/plan-anual-adquisicion\/plan-anual-de-compras-2026\/\" class=\"plain\">\n\t\t\t\t<div class=\"box box-normal box-text-bottom box-blog-post has-hover\">\n          \t\t\t\t\t<div class=\"box-text text-center\" >\n\t\t\t\t\t<div class=\"box-text-inner blog-post-inner\">\n\n\t\t\t\t\t\n\t\t\t\t\t\t\t\t\t\t<h5 class=\"post-title is-large \">PLAN ANUAL DE COMPRAS 2026<\/h5>\n\t\t\t\t\t<div class=\"post-meta is-small op-8\">2 enero, 2026<\/div>\t\t\t\t\t<div class=\"is-divider\"><\/div>\n\t\t\t\t\t\t\t\t\t\t<p class=\"from_the_blog_excerpt \"> [...]\t\t\t\t\t<\/p>\n\t\t\t\t\t                    \n\t\t\t\t\t\n\t\t\t\t\t\n\t\t\t\t\t<\/div><!-- .box-text-inner -->\n\t\t\t\t\t<\/div><!-- .box-text -->\n\t\t\t\t\t\t\t\t\t<\/div><!-- .box -->\n\t\t\t\t<\/a><!-- .link -->\n\t\t\t<\/div><!-- .col-inner -->\n\t\t<\/div><!-- .col -->\n\t\t<div class=\"col post-item\" >\n\t\t\t<div class=\"col-inner\">\n\t\t\t<a href=\"https:\/\/hsdp.gov.co\/portal\/contratos\/convocatoria-menor-cuantia-10-compra-de-vehiculos-de-transporte-extra-mural-vtet-resolucion-1316-para-la-ese-hospital-san-juan-de-dios-de-pamplona\/\" class=\"plain\">\n\t\t\t\t<div class=\"box box-normal box-text-bottom box-blog-post has-hover\">\n          \t\t\t\t\t<div class=\"box-text text-center\" >\n\t\t\t\t\t<div class=\"box-text-inner blog-post-inner\">\n\n\t\t\t\t\t\n\t\t\t\t\t\t\t\t\t\t<h5 class=\"post-title is-large \">CONVOCATORIA MENOR CUANT\u00cdA 10 \u2013 COMPRA DE VEH\u00cdCULOS DE TRANSPORTE EXTRA MURAL &#8211; VTET RESOLUCI\u00d3N 1316 PARA LA ESE HOSPITAL SAN JUAN DE DIOS DE PAMPLONA<\/h5>\n\t\t\t\t\t<div class=\"post-meta is-small op-8\">21 julio, 2025<\/div>\t\t\t\t\t<div class=\"is-divider\"><\/div>\n\t\t\t\t\t\t\t\t\t\t<p class=\"from_the_blog_excerpt \">SECOP 2: https:\/\/community.secop.gov.co\/Public\/Tendering\/ContractNoticePhases\/View?PPI=CO1.PPI.40812418&amp;isFromPublicArea=True&amp;isModal=False [...]\t\t\t\t\t<\/p>\n\t\t\t\t\t                    \n\t\t\t\t\t\n\t\t\t\t\t\n\t\t\t\t\t<\/div><!-- .box-text-inner -->\n\t\t\t\t\t<\/div><!-- .box-text -->\n\t\t\t\t\t\t\t\t\t<\/div><!-- .box -->\n\t\t\t\t<\/a><!-- .link -->\n\t\t\t<\/div><!-- .col-inner -->\n\t\t<\/div><!-- .col -->\n\t\t<div class=\"col post-item\" >\n\t\t\t<div class=\"col-inner\">\n\t\t\t<a href=\"https:\/\/hsdp.gov.co\/portal\/contratos\/convocatoria-menor-cuantia-09-suministro-de-material-medico-quirurgico-para-la-ese-hospital-san-juan-de-dios-de-pamplona-y-sus-organismos-de-salud-adscritos\/\" class=\"plain\">\n\t\t\t\t<div class=\"box box-normal box-text-bottom box-blog-post has-hover\">\n          \t\t\t\t\t<div class=\"box-text text-center\" >\n\t\t\t\t\t<div class=\"box-text-inner blog-post-inner\">\n\n\t\t\t\t\t\n\t\t\t\t\t\t\t\t\t\t<h5 class=\"post-title is-large \">CONVOCATORIA MENOR CUANT\u00cdA 09 \u2013 SUMINISTRO DE MATERIAL MEDICO QUIR\u00daRGICO PARA LA ESE HOSPITAL SAN JUAN DE DIOS DE PAMPLONA Y SUS ORGANISMOS DE SALUD ADSCRITOS<\/h5>\n\t\t\t\t\t<div class=\"post-meta is-small op-8\">18 junio, 2025<\/div>\t\t\t\t\t<div class=\"is-divider\"><\/div>\n\t\t\t\t\t\t\t\t\t\t<p class=\"from_the_blog_excerpt \">SECOP 2: https:\/\/community.secop.gov.co\/Public\/Tendering\/ContractNoticePhases\/View?PPI=CO1.PPI.40222438&amp;isFromPublicArea=True&amp;isModal=False [...]\t\t\t\t\t<\/p>\n\t\t\t\t\t                    \n\t\t\t\t\t\n\t\t\t\t\t\n\t\t\t\t\t<\/div><!-- .box-text-inner -->\n\t\t\t\t\t<\/div><!-- .box-text -->\n\t\t\t\t\t\t\t\t\t<\/div><!-- .box -->\n\t\t\t\t<\/a><!-- .link -->\n\t\t\t<\/div><!-- .col-inner -->\n\t\t<\/div><!-- .col -->\n\t\t<div class=\"col post-item\" >\n\t\t\t<div class=\"col-inner\">\n\t\t\t<a href=\"https:\/\/hsdp.gov.co\/portal\/contratos\/convocatoria-menor-cuantia-08-compra-de-equipos-y-elementos-biomedicos-para-el-area-de-salas-de-cirugia-y-partos-e-s-e-hospital-san-juan-de-dios-de-pamplona-y-sus-organismos-adscritos\/\" class=\"plain\">\n\t\t\t\t<div class=\"box box-normal box-text-bottom box-blog-post has-hover\">\n          \t\t\t\t\t<div class=\"box-text text-center\" >\n\t\t\t\t\t<div class=\"box-text-inner blog-post-inner\">\n\n\t\t\t\t\t\n\t\t\t\t\t\t\t\t\t\t<h5 class=\"post-title is-large \">CONVOCATORIA MENOR CUANT\u00cdA 08 \u2013 COMPRA DE EQUIPOS Y ELEMENTOS BIOM\u00c9DICOS PARA EL \u00c1REA DE SALAS DE CIRUG\u00cdA Y PARTOS E.S.E. HOSPITAL SAN JUAN DE DIOS DE PAMPLONA Y SUS ORGANISMOS ADSCRITOS<\/h5>\n\t\t\t\t\t<div class=\"post-meta is-small op-8\">8 abril, 2025<\/div>\t\t\t\t\t<div class=\"is-divider\"><\/div>\n\t\t\t\t\t\t\t\t\t\t<p class=\"from_the_blog_excerpt \">SECOP 2: https:\/\/community.secop.gov.co\/Public\/Tendering\/ContractNoticePhases\/View?PPI=CO1.PPI.38709776&amp;isFromPublicArea=True&amp;isModal=False [...]\t\t\t\t\t<\/p>\n\t\t\t\t\t                    \n\t\t\t\t\t\n\t\t\t\t\t\n\t\t\t\t\t<\/div><!-- .box-text-inner -->\n\t\t\t\t\t<\/div><!-- .box-text -->\n\t\t\t\t\t\t\t\t\t<\/div><!-- .box -->\n\t\t\t\t<\/a><!-- .link -->\n\t\t\t<\/div><!-- .col-inner -->\n\t\t<\/div><!-- .col -->\n\t\t<div class=\"col post-item\" >\n\t\t\t<div class=\"col-inner\">\n\t\t\t<a href=\"https:\/\/hsdp.gov.co\/portal\/contratos\/convocatoria-menor-cuantia-07-suministro-de-insumos-de-laboratorio-para-la-ese-hospital-san-juan-de-dios-de-pamplona-y-sus-organismos-adscritos\/\" class=\"plain\">\n\t\t\t\t<div class=\"box box-normal box-text-bottom box-blog-post has-hover\">\n          \t\t\t\t\t<div class=\"box-text text-center\" >\n\t\t\t\t\t<div class=\"box-text-inner blog-post-inner\">\n\n\t\t\t\t\t\n\t\t\t\t\t\t\t\t\t\t<h5 class=\"post-title is-large \">CONVOCATORIA MENOR CUANT\u00cdA 07 \u2013 SUMINISTRO DE INSUMOS DE LABORATORIO PARA LA ESE HOSPITAL SAN JUAN DE DIOS DE PAMPLONA Y SUS ORGANISMOS ADSCRITOS<\/h5>\n\t\t\t\t\t<div class=\"post-meta is-small op-8\">26 marzo, 2025<\/div>\t\t\t\t\t<div class=\"is-divider\"><\/div>\n\t\t\t\t\t\t\t\t\t\t<p class=\"from_the_blog_excerpt \">SECOP 2: https:\/\/community.secop.gov.co\/Public\/Tendering\/ContractNoticePhases\/View?PPI=CO1.PPI.38413093&amp;isFromPublicArea=True&amp;isModal=False [...]\t\t\t\t\t<\/p>\n\t\t\t\t\t                    \n\t\t\t\t\t\n\t\t\t\t\t\n\t\t\t\t\t<\/div><!-- .box-text-inner -->\n\t\t\t\t\t<\/div><!-- .box-text -->\n\t\t\t\t\t\t\t\t\t<\/div><!-- .box -->\n\t\t\t\t<\/a><!-- .link -->\n\t\t\t<\/div><!-- .col-inner -->\n\t\t<\/div><!-- .col -->\n\t\t<div class=\"col post-item\" >\n\t\t\t<div class=\"col-inner\">\n\t\t\t<a href=\"https:\/\/hsdp.gov.co\/portal\/contratos\/convocatoria-menor-cuantia-06-suministro-de-material-medico-quirurgico-para-la-ese-hospital-san-juan-de-dios-de-pamplona-y-sus-organismos-de-salud-adscritos\/\" class=\"plain\">\n\t\t\t\t<div class=\"box box-normal box-text-bottom box-blog-post has-hover\">\n          \t\t\t\t\t<div class=\"box-text text-center\" >\n\t\t\t\t\t<div class=\"box-text-inner blog-post-inner\">\n\n\t\t\t\t\t\n\t\t\t\t\t\t\t\t\t\t<h5 class=\"post-title is-large \">CONVOCATORIA MENOR CUANT\u00cdA 06 \u2013 SUMINISTRO DE MATERIAL MEDICO QUIR\u00daRGICO PARA LA ESE HOSPITAL SAN JUAN DE DIOS DE PAMPLONA Y SUS ORGANISMOS DE SALUD ADSCRITOS<\/h5>\n\t\t\t\t\t<div class=\"post-meta is-small op-8\">26 marzo, 2025<\/div>\t\t\t\t\t<div class=\"is-divider\"><\/div>\n\t\t\t\t\t\t\t\t\t\t<p class=\"from_the_blog_excerpt \">SECOP 2: https:\/\/community.secop.gov.co\/Public\/Tendering\/ContractNoticePhases\/View?PPI=CO1.PPI.38411687&amp;isFromPublicArea=True&amp;isModal=False [...]\t\t\t\t\t<\/p>\n\t\t\t\t\t                    \n\t\t\t\t\t\n\t\t\t\t\t\n\t\t\t\t\t<\/div><!-- .box-text-inner -->\n\t\t\t\t\t<\/div><!-- .box-text -->\n\t\t\t\t\t\t\t\t\t<\/div><!-- .box -->\n\t\t\t\t<\/a><!-- .link -->\n\t\t\t<\/div><!-- .col-inner -->\n\t\t<\/div><!-- .col -->\n\t\t<div class=\"col post-item\" >\n\t\t\t<div class=\"col-inner\">\n\t\t\t<a href=\"https:\/\/hsdp.gov.co\/portal\/contratos\/convocatoria-menor-cuantia-03-prestacion-de-servicios-de-aseo-limpieza-y-desinfeccion-para-la-ese-hospital-san-juan-de-dios-de-pamplona-y-sus-organismos-adscritos-con-los-implementos-y-la-d\/\" class=\"plain\">\n\t\t\t\t<div class=\"box box-normal box-text-bottom box-blog-post has-hover\">\n          \t\t\t\t\t<div class=\"box-text text-center\" >\n\t\t\t\t\t<div class=\"box-text-inner blog-post-inner\">\n\n\t\t\t\t\t\n\t\t\t\t\t\t\t\t\t\t<h5 class=\"post-title is-large \">CONVOCATORIA MENOR CUANT\u00cdA 03 \u2013 PRESTACI\u00d3N DE SERVICIOS DE ASEO, LIMPIEZA Y DESINFECCI\u00d3N PARA LA ESE HOSPITAL SAN JUAN DE DIOS DE PAMPLONA Y SUS ORGANISMOS ADSCRITOS CON LOS IMPLEMENTOS Y LA DOTACI\u00d3N NECESARIA<\/h5>\n\t\t\t\t\t<div class=\"post-meta is-small op-8\">24 febrero, 2025<\/div>\t\t\t\t\t<div class=\"is-divider\"><\/div>\n\t\t\t\t\t\t\t\t\t\t<p class=\"from_the_blog_excerpt \">SECOP 2: https:\/\/community.secop.gov.co\/Public\/Tendering\/ContractNoticePhases\/View?PPI=CO1.PPI.37720967&amp;isFromPublicArea=True&amp;isModal=False [...]\t\t\t\t\t<\/p>\n\t\t\t\t\t                    \n\t\t\t\t\t\n\t\t\t\t\t\n\t\t\t\t\t<\/div><!-- .box-text-inner -->\n\t\t\t\t\t<\/div><!-- .box-text -->\n\t\t\t\t\t\t\t\t\t<\/div><!-- .box -->\n\t\t\t\t<\/a><!-- .link -->\n\t\t\t<\/div><!-- .col-inner -->\n\t\t<\/div><!-- .col -->\n<\/div>\n\n\n<\/div><\/div>\n\n<\/div>\n\n\t\t<\/div><!-- .section-content -->\n\n\t\t\n<style scope=\"scope\">\n\n#section_1307210343 {\n  padding-top: 30px;\n  padding-bottom: 30px;\n}\n<\/style>\n\t<\/section>\n\t\n\n","protected":false},"excerpt":{"rendered":"","protected":false},"author":1,"featured_media":0,"parent":0,"menu_order":0,"comment_status":"closed","ping_status":"closed","template":"","meta":{"footnotes":""},"_links":{"self":[{"href":"https:\/\/hsdp.gov.co\/portal\/wp-json\/wp\/v2\/pages\/2899"}],"collection":[{"href":"https:\/\/hsdp.gov.co\/portal\/wp-json\/wp\/v2\/pages"}],"about":[{"href":"https:\/\/hsdp.gov.co\/portal\/wp-json\/wp\/v2\/types\/page"}],"author":[{"embeddable":true,"href":"https:\/\/hsdp.gov.co\/portal\/wp-json\/wp\/v2\/users\/1"}],"replies":[{"embeddable":true,"href":"https:\/\/hsdp.gov.co\/portal\/wp-json\/wp\/v2\/comments?post=2899"}],"version-history":[{"count":3,"href":"https:\/\/hsdp.gov.co\/portal\/wp-json\/wp\/v2\/pages\/2899\/revisions"}],"predecessor-version":[{"id":15896,"href":"https:\/\/hsdp.gov.co\/portal\/wp-json\/wp\/v2\/pages\/2899\/revisions\/15896"}],"wp:attachment":[{"href":"https:\/\/hsdp.gov.co\/portal\/wp-json\/wp\/v2\/media?parent=2899"}],"curies":[{"name":"wp","href":"https:\/\/api.w.org\/{rel}","templated":true}]}}