{"id":2765,"date":"2020-10-13T19:40:09","date_gmt":"2020-10-13T17:40:09","guid":{"rendered":"http:\/\/hsdp.gov.co\/portal\/?page_id=2765"},"modified":"2022-06-22T19:12:15","modified_gmt":"2022-06-22T17:12:15","slug":"entidades-de-control","status":"publish","type":"page","link":"https:\/\/hsdp.gov.co\/portal\/ley-de\/control-7\/entidades-de-control\/","title":{"rendered":"Entidades de Control"},"content":{"rendered":"\n  <div id=\"page-header-1428626495\" class=\"page-header-wrapper\">\n  <div class=\"page-title dark featured-title\">\n\n    \n    <div class=\"page-title-inner container align-center text-center flex-row-col medium-flex-wrap\" >\n              <div class=\"title-wrapper flex-col\">\n          <h1 class=\"entry-title mb-0\">\n            Entidades de Control          <\/h1>\n        <\/div>\n                    <div class=\"title-content flex-col\">\n        <div class=\"title-breadcrumbs pb-half pt-half\"><\/div>      <\/div>\n    <\/div><!-- flex-row -->\n\n     \n<style scope=\"scope\">\n\n#page-header-1428626495 .title-bg {\n  \n}\n<\/style>\n  <\/div><!-- .page-title -->\n    <\/div><!-- .page-header-wrapper -->\n  \n\n<p style=\"text-align: center;\"><strong>Entes de control que vigilan a la entidad y mecanismos de supervisi\u00f3n<\/strong><\/p>\n<ol>\n<li>Relaci\u00f3n de todas las entidades que vigilan al sujeto obligado.\u00a0<\/li>\n<\/ol>\n<ul>\n<li style=\"text-align: center;\"><strong>MINISTERIO DE SALUD Y PROTECCI\u00d3N SOCIAL<\/strong><\/li>\n<\/ul>\n<p>Dirige el sistema de salud y protecci\u00f3n social en salud, a trav\u00e9s de pol\u00edticas de promoci\u00f3n de la salud, la prevenci\u00f3n, el tratamiento y la rehabilitaci\u00f3n de la enfermedad y el aseguramiento, as\u00ed como la coordinaci\u00f3n intersectorial para el desarrollo de pol\u00edticas sobre los determinantes en salud; bajo los principios de eficiencia, universalidad, solidaridad, equidad, sostenibilidad y calidad, con el fin de contribuir al mejoramiento de la salud de los habitantes de Colombia.<\/p>\n<p><strong>Ubicaci\u00f3n:<\/strong> Carrera 13 No. 32-76, piso 1, Bogot\u00e1.<\/p>\n<p><strong>P\u00e1gina web<\/strong>: <a href=\"http:\/\/www.minsalud.gov.co\">http:\/\/www.minsalud.gov.co<\/a><\/p>\n<p><strong>Enlace servicios al ciudadano:<\/strong> <a href=\"https:\/\/www.minsalud.gov.co\/atencion\/Paginas\/Solicitudes-sugerencias-quejas-o-reclamos.aspx\">https:\/\/www.minsalud.gov.co\/atencion\/Paginas\/Solicitudes-sugerencias-quejas-o-reclamos.aspx<strong>\u00a0<\/strong><\/a><\/p>\n<ul>\n<li style=\"text-align: center;\"><strong>S<\/strong><strong>UPERINTENDENCIA NACIONAL DE SALUD<\/strong><\/li>\n<\/ul>\n<p>Protege los derechos de los usuarios del Sistema General de Seguridad Social en Salud mediante la inspecci\u00f3n, vigilancia,\u00a0control y el ejercicio de la funci\u00f3n jurisdiccional y de conciliaci\u00f3n, de manera transparente\u00a0y\u00a0oportuna.<\/p>\n<p><strong>Ubicaci\u00f3n:<\/strong> Av Ciudad de Cali 51-66 Pisos 6-7, World Business Center \u2013 Bogot\u00e1<\/p>\n<p><strong>P\u00e1gina web:<\/strong> http:\/\/www.supersalud.gov.co<\/p>\n<p><strong>Enlace atenci\u00f3n al ciudadano:<\/strong> <a href=\"https:\/\/www.supersalud.gov.co\/es-co\/atencion-ciudadano\/contactenos\">https:\/\/www.supersalud.gov.co\/es-<\/a>co\/atencion-ciudadano\/contactenos<\/p>\n<ul>\n<li style=\"text-align: center;\"><strong>INSTITUTO DEPARTAMENTAL DE SALUD <\/strong><\/li>\n<\/ul>\n<p>El Instituto Departamental de Salud de Norte de Santander en virtud de la ley 100 de 1993 y la ley 715 de 2001 contribuir\u00e1 a crear condiciones de acceso de la poblaci\u00f3n a los servicios de salud, como un servicio p\u00fablico a cargo del estado y a mejorar y mantener la calidad de vida de los habitantes del Departamento, mediante la direcci\u00f3n, coordinaci\u00f3n, asesor\u00eda, vigilancia y control de los actores del Sistema de Seguridad Social en Salud, de tal forma que los servicios se presten con criterios de equidad, integridad, participaci\u00f3n, eficiencia, oportunidad y calidad.<\/p>\n<p><strong>Ubicaci\u00f3n:<\/strong> Avenida 0 9-60 Edificio Rosetal. C\u00facuta \u2013 Norte de Santander.<strong>\u00a0<\/strong><\/p>\n<p><strong>P\u00e1gina web:<\/strong> <a href=\"http:\/\/www.ids.gov.co\/\">http:\/\/www.ids.gov.co\/<\/a><\/p>\n<p><strong>Enlace atenci\u00f3n al ciudadano:<\/strong> <a href=\"https:\/\/ids.gov.co\/web\/index.php\/servicios-al-ciudadano\/contacto\">https:\/\/ids.gov.co\/web\/index.php\/servicios-al-ciudadano\/contacto<strong>\u00a0<\/strong><\/a><\/p>\n<ul>\n<li style=\"text-align: center;\"><strong>CONTRALOR\u00cdA GENERAL DEL DEPARTAMENTO NORTE DE SANTANDER<\/strong><\/li>\n<\/ul>\n<p>La Contralor\u00eda General del Departamento Norte de Santander es una entidad p\u00fablica de car\u00e1cter t\u00e9cnico con autonom\u00eda administrativa y presupuestal, encargada de vigilar, en forma posterior y selectiva, la gesti\u00f3n fiscal de la Administraci\u00f3n y de los particulares o entidades que manejan fondos o bienes p\u00fablicos en el orden departamental, incluyendo el control financiero, de gesti\u00f3n de resultados, teniendo en cuenta el componente ambiental y cultural, fundado en los principios de eficiencia, eficacia, econom\u00eda, equidad y valoraci\u00f3n de los costos ambientales.<\/p>\n<p><strong>Ubicaci\u00f3n:<\/strong> Av 5 # 11 &#8211; 20 Pisos 2 y 3 Edif. Antiguo Banco de la Rep\u00fablica C\u00facuta \u2013 Norte de Santander<\/p>\n<p><strong>P\u00e1gina web:<\/strong> <a href=\"http:\/\/www.contraloriands.gov.co\/\">http:\/\/www.contraloriands.gov.co\/<\/a><\/p>\n<p><strong>Enlace atenci\u00f3n al ciudadano:<\/strong> <a href=\"http:\/\/www.contraloriands.gov.co\">http:\/\/www.contraloriands.gov.co<\/a><\/p>\n<ul>\n<li style=\"text-align: center;\"><strong style=\"color: #333333; font-size: 14.4px;\">CONTADUR\u00cdA GENERAL DE LA NACI\u00d3N<\/strong><\/li>\n<\/ul>\n<p>Entidad rectora responsable de regular la contabilidad general de la naci\u00f3n, con autoridad doctrinaria en materia de interpretaci\u00f3n normativa contable, que uniforma, centraliza y consolida la contabilidad p\u00fablica, con el fin de elaborar el Balance General, orientado a la toma de decisiones de la administraci\u00f3n p\u00fablica general, que contribuye a la gesti\u00f3n de un Estado moderno y trasparente.<\/p>\n<p><strong>Ubicaci\u00f3n:<\/strong> Calle 95 N\u00ba 15 \u2013 56 Bogot\u00e1.<\/p>\n<p><strong>P\u00e1gina web:<\/strong> http:\/\/www.contaduria.gov.co\/<\/p>\n<p><strong>Enlace atenci\u00f3n al ciudadano:<\/strong> <a href=\"http:\/\/www.contaduria.gov.co\/wps\/portal\/internetes\/home\/internet\/atencion-usuario\/servicios-linea-pqrs\/pqrs\/!ut\/p\/b1\/04_Sj9CPykssy0xPLMnMz0vMAfGjzOINzPyDTEPdQoM9zX2MDTyDAoJdAkPNjZ19zYEKIkEKcABHA1T9RqYGJkBBU0NLkyA_I4MAE5h-HBZ4GhNnvzHQWAMLpyAzUx8nSwPPkOCQQDdfVyMLcyMi3Y9Dgbc5ifoxPUhAv59Hfm6qfkFuKBBElAMAzcgwRw!!\/dl4\/d5\/L2dJQSEvUUt3QS80SmtFL1o2XzA2T1I1VUZVU0FOREUwQVNTRVFGMEQxU0oz\/\">http:\/\/www.contaduria.gov.co\/wps\/portal\/internetes\/home\/internet\/atencion-usuario\/servicios-linea-pqrs\/pqrs\/<\/a><\/p>\n<ul>\n<li style=\"text-align: center;\"><strong>DEPARTAMENTO ADMINISTRATIVO DE LA FUNCI\u00d3N P\u00daBLICA<\/strong><\/li>\n<\/ul>\n<p>Fortalece la gesti\u00f3n de las Entidades P\u00fablicas Nacionales y Territoriales, mejora el\u00a0desempe\u00f1o de los servidores p\u00fablicos al servicio del Estado, contribuye al cumplimiento de los compromisos del gobierno con el ciudadano y aumentar la confianza en la administraci\u00f3n p\u00fablica y en sus servidores.<\/p>\n<p><strong>Ubicaci\u00f3n:<\/strong> Carrera 6 No. 12-62 Bogot\u00e1<\/p>\n<p><strong>P\u00e1gina web:<\/strong> <a href=\"http:\/\/www.funcionpublica.gov.co\">www.funcionpublica.gov.co<\/a><\/p>\n<p><strong>Enlace atenci\u00f3n al ciudadano:<\/strong> <a href=\"http:\/\/www.funcionpublica.gov.co\/ciudadano\">http:\/\/www.funcionpublica.gov.co\/ciudadano<\/a><\/p>\n<ul>\n<li style=\"text-align: center;\"><strong>COMISI\u00d3N NACIONAL DEL SERVICIO CIVIL<\/strong><\/li>\n<\/ul>\n<p>Garantiza a trav\u00e9s del m\u00e9rito, que las entidades p\u00fablicas cuenten con servidores de carrera competentes y comprometidos con los objetivos institucionales y el logro de los fines del Estado.<\/p>\n<p><strong>Ubicaci\u00f3n:<\/strong> Carrera 4 No. 75-49, Bogot\u00e1<\/p>\n<p><strong>P\u00e1gina web:<\/strong> <a href=\"http:\/\/www.cnsc.gov.co\/\">http:\/\/www.cnsc.gov.co\/<\/a><\/p>\n<p><strong>Enlace atenci\u00f3n al ciudadano:<\/strong> <a href=\"http:\/\/gestion.cnsc.gov.co\/cpqr\/\">http:\/\/gestion.cnsc.gov.co\/cpqr\/<\/a><\/p>\n<ul>\n<li style=\"text-align: center;\"><strong>PROCURADURIA GENERAL DE LA NACION<\/strong><\/li>\n<\/ul>\n<p>La Procuradur\u00eda General de la Naci\u00f3n es la Entidad que representa a los ciudadanos ante el Estado. Es el m\u00e1ximo organismo del Ministerio P\u00fablico, conformado adem\u00e1s por la Defensor\u00eda del Pueblo y las personer\u00edas. Conformada por cerca de 4 mil servidores, la Procuradur\u00eda tiene autonom\u00eda administrativa, financiera y presupuestal en los t\u00e9rminos definidos por el Estatuto Org\u00e1nico del Presupuesto Nacional.<\/p>\n<p><strong>Ubicaci\u00f3n:<\/strong> Cra. 5 #15-80, Bogot\u00e1<\/p>\n<p><strong>P\u00e1gina web: <\/strong><a href=\"https:\/\/www.procuraduria.gov.co\/portal\/index.jsp\">https:\/\/www.procuraduria.gov.co\/portal\/index.jsp<\/a><\/p>\n<ul>\n<li style=\"text-align: center;\"><strong>CONTROL INTERNO DE GESTION<br \/><\/strong><\/li>\n<\/ul>\n<p>Oficina de Control Interno con sus respectivas funciones.<\/p>\n<p>\u00a0<\/p>\n<hr \/>\n<ul>\n<li><strong>MINISTERIO DE SALUD Y PROTECCI\u00d3N SOCIAL<\/strong><\/li>\n<\/ul>\n<p><strong>Tipo de control:<\/strong> Administrativo (Inspecci\u00f3n y vigilancia)<\/p>\n<ul>\n<li><strong>SUPERINTENDENCIA NACIONAL DE SALUD<\/strong><\/li>\n<\/ul>\n<p><strong>Tipo de control:<\/strong> Administrativo (Inspecci\u00f3n, vigilancia y control)<\/p>\n<ul>\n<li><strong>INSTITUTO DEPARTAMENTAL DE SALUD <\/strong><\/li>\n<\/ul>\n<p><strong>Tipo de control:<\/strong> Administrativo (Inspecci\u00f3n y vigilancia)<\/p>\n<ul>\n<li><strong>CONTRALOR\u00cdA GENERAL DEL DEPARTAMENTO NORTE DE SANTANDER<\/strong><\/li>\n<\/ul>\n<p><strong>Tipo de control:<\/strong> Fiscal<\/p>\n<ul>\n<li><strong>CONTADUR\u00cdA GENERAL DE LA NACI\u00d3N<\/strong><\/li>\n<\/ul>\n<p><strong>Tipo de control:<\/strong> Contable<\/p>\n<ul>\n<li><strong>DEPARTAMENTO ADMINISTRATIVO DE LA FUNCI\u00d3N P\u00daBLICA<\/strong><\/li>\n<\/ul>\n<p><strong>Tipo de control:<\/strong> Administrativo<\/p>\n<ul>\n<li><strong>COMISI\u00d3N NACIONAL DEL SERVICIO CIVIL<\/strong><\/li>\n<\/ul>\n<p><strong>Tipo de control:<\/strong> Administrativo<\/p>\n\n","protected":false},"excerpt":{"rendered":"<p>Entes de control que vigilan a la entidad y mecanismos de supervisi\u00f3n Relaci\u00f3n de todas las entidades que vigilan al sujeto obligado.\u00a0 MINISTERIO DE SALUD Y PROTECCI\u00d3N SOCIAL Dirige el sistema de salud y protecci\u00f3n social en salud, a trav\u00e9s de pol\u00edticas de promoci\u00f3n de la salud, la prevenci\u00f3n, el tratamiento y la rehabilitaci\u00f3n de [&#8230;]\n","protected":false},"author":1,"featured_media":0,"parent":2749,"menu_order":0,"comment_status":"closed","ping_status":"closed","template":"","meta":{"footnotes":""},"_links":{"self":[{"href":"https:\/\/hsdp.gov.co\/portal\/wp-json\/wp\/v2\/pages\/2765"}],"collection":[{"href":"https:\/\/hsdp.gov.co\/portal\/wp-json\/wp\/v2\/pages"}],"about":[{"href":"https:\/\/hsdp.gov.co\/portal\/wp-json\/wp\/v2\/types\/page"}],"author":[{"embeddable":true,"href":"https:\/\/hsdp.gov.co\/portal\/wp-json\/wp\/v2\/users\/1"}],"replies":[{"embeddable":true,"href":"https:\/\/hsdp.gov.co\/portal\/wp-json\/wp\/v2\/comments?post=2765"}],"version-history":[{"count":7,"href":"https:\/\/hsdp.gov.co\/portal\/wp-json\/wp\/v2\/pages\/2765\/revisions"}],"predecessor-version":[{"id":6256,"href":"https:\/\/hsdp.gov.co\/portal\/wp-json\/wp\/v2\/pages\/2765\/revisions\/6256"}],"up":[{"embeddable":true,"href":"https:\/\/hsdp.gov.co\/portal\/wp-json\/wp\/v2\/pages\/2749"}],"wp:attachment":[{"href":"https:\/\/hsdp.gov.co\/portal\/wp-json\/wp\/v2\/media?parent=2765"}],"curies":[{"name":"wp","href":"https:\/\/api.w.org\/{rel}","templated":true}]}}