{"id":1387,"date":"2020-02-10T17:33:41","date_gmt":"2020-02-10T16:33:41","guid":{"rendered":"http:\/\/hsdp.gov.co\/portal\/?page_id=1387"},"modified":"2025-04-22T12:22:20","modified_gmt":"2025-04-22T17:22:20","slug":"4-normatividad","status":"publish","type":"page","link":"https:\/\/hsdp.gov.co\/portal\/ley-de\/4-normatividad\/","title":{"rendered":"4 NORMATIVIDAD"},"content":{"rendered":"\n<div class=\"row\"  id=\"row-1928546723\">\n\n<div class=\"col small-12 large-12\"  ><div class=\"col-inner\"  >\n\n<div class=\"container section-title-container\" ><h2 class=\"section-title section-title-center\"><b><\/b><span class=\"section-title-main\" style=\"color:rgb(79, 150, 55);\">Normativa de la Entidad 2.1<\/span><b><\/b><\/h2><\/div><!-- .section-title -->\n\n<p>Seg\u00fan lo dicta la Ley, la informaci\u00f3n generada por las entidades del Estado no podr\u00e1 ser reservada o limitada, por el contrario es de car\u00e1cter p\u00fablico. En este sitio se proporciona y facilita el acceso a la misma en los t\u00e9rminos m\u00e1s amplios posibles en el momento.<\/p>\n<h4 style=\"text-align: center;\">CUMPLIMIENTO LEY 1712\u200b<\/h4>\n<p style=\"text-align: center;\">Matriz de Transparencia y Acceso a la informaci\u00f3n\u200b\u200b<\/p>\n<p style=\"text-align: center;\"><a href=\"http:\/\/portal.gestiondelriesgo.gov.co\/Documents\/Atencion-al-Ciudadano\/Directiva_PGN_ITA_1_Transparencia-2019.pdf\" target=\"_blank\" rel=\"noopener noreferrer\">Directiva 006 de 2019 &#8211; Procuradur\u00eda General de la Naci\u00f3n<\/a><\/p>\n<div class=\"is-divider divider clearfix\" style=\"max-width:100%;\"><\/div><!-- .divider -->\n\n<div class=\"container section-title-container\" ><h2 class=\"section-title section-title-center\"><b><\/b><span class=\"section-title-main\" style=\"color:rgb(25, 110, 160);\">Normativa Interna<\/span><b><\/b><\/h2><\/div><!-- .section-title -->\n\n<p>En este apartado se publican la normatividad Interna y de car\u00e1cter general, generada por la E.S.E. Hospital San Juan de Dios de Pamplona.<\/p>\n<a class=\"button primary\"  style=\"border-radius:99px;\">\n    <span>Normativa 2024<\/span>\n  <\/a>\n\n\n<h4><strong><a href=\"https:\/\/hsdp.gov.co\/portal\/sin-categoria\/resolucion-093-mapa-de-procesos\/\">Resoluci\u00f3n 093 Mapa de Procesos<\/a><\/strong><\/h4>\n<h4 class=\"entry-title\"><a href=\"https:\/\/hsdp.gov.co\/portal\/wp-content\/uploads\/2024\/05\/RESOLUCION-114.pdf\"><strong>Resoluci\u00f3n Costos de Reproducci\u00f3n de la Informaci\u00f3n P\u00fablica<\/strong><\/a><\/h4>\n<div class=\"accordion\" rel=\"\">\n\n<div class=\"accordion-item\"><a href=\"#\" class=\"accordion-title plain\"><button class=\"toggle\"><i class=\"icon-angle-down\"><\/i><\/button><span>Defensa Jur\u00eddica<\/span><\/a><div class=\"accordion-inner\">\n\n<a href=\"https:\/\/hsdp.gov.co\/portal\/resolucion-politica-defensa-juridica\/\" target=\"_self\" class=\"button success is-outline\"  style=\"border-radius:14px;\">\n    <span>RESOLUCION POL\u00edTICA DEFENSA JUR\u00edDICA<\/span>\n  <\/a>\n\n\n<a href=\"https:\/\/hsdp.gov.co\/portal\/politica-defensa-juridica\/\" target=\"_self\" class=\"button success is-outline\"  style=\"border-radius:10px;\">\n    <span>POL\u00edTICA DEFENSA JUR\u00edDICA<\/span>\n  <\/a>\n\n\n<a href=\"https:\/\/hsdp.gov.co\/portal\/manual-defensa-juridica\/\" target=\"_self\" class=\"button success is-outline\"  style=\"border-radius:10px;\">\n    <span>Manual defensa jur\u00eddica<\/span>\n  <\/a>\n\n\n\n<\/div><\/div>\n\n<\/div>\n<a class=\"button primary\"  style=\"border-radius:99px;\">\n    <span>Normativa 2023<\/span>\n  <\/a>\n\n\n<h4><strong><a href=\"https:\/\/hsdp.gov.co\/portal\/wp-content\/uploads\/2024\/02\/RESOLUCION-023-VENTANILLA-UNICA.pdf\">Resoluci\u00f3n 023 Ventanilla \u00danica<\/a><\/strong><\/h4>\n<h4><a href=\"https:\/\/hsdp.gov.co\/portal\/sin-categoria\/acuerdo-sindical-2023\/\"><strong>Acuerdo Sindical<\/strong><\/a><\/h4>\n<a class=\"button primary\"  style=\"border-radius:27px;\">\n    <span>nORMATIVA 2022<\/span>\n  <\/a>\n\n\n<h4><strong><a href=\"https:\/\/hsdp.gov.co\/portal\/normatividad-interna\/resolucion-costos-de-reproduccion-de-la-informacion-publica\/\">Resoluci\u00f3n Costos de Reproducci\u00f3n de la Informaci\u00f3n P\u00fablica<\/a><\/strong><\/h4>\n<h4><a href=\"https:\/\/hsdp.gov.co\/portal\/normatividad-interna\/resolucion-adopcion-politica-general-de-seguridad-y-privacidad-de-la-informacion\/\"><strong>Resoluci\u00f3n Adopci\u00f3n Pol\u00edtica General de Seguridad y Privacidad de la Informaci\u00f3n<\/strong><\/a><\/h4>\n<a class=\"button primary\"  style=\"border-radius:99px;\">\n    <span>Normativa 2021<\/span>\n  <\/a>\n\n\n<h4 class=\"entry-title\"><a href=\"https:\/\/hsdp.gov.co\/portal\/sin-categoria\/resolucion-225-del-29-de-julio-del-2021-politica-de-comunicacion\/\"><strong>Resoluci\u00f3n 225 del 29 de julio del 2021 Pol\u00edtica de Comunicaci\u00f3n<\/strong><\/a><\/h4>\n<div class=\"text-center\"><div class=\"is-divider divider clearfix\" style=\"max-width:124px;background-color:rgb(92, 176, 39);\"><\/div><\/div><!-- .divider -->\n\n<div class=\"container section-title-container\" ><h2 class=\"section-title section-title-center\"><b><\/b><span class=\"section-title-main\" style=\"color:rgb(25, 110, 160);\">Normativa externa<\/span><b><\/b><\/h2><\/div><!-- .section-title -->\n\n<p style=\"text-align: center;\">\u00a0<\/p>\n<table>\n<tbody>\n<tr>\n<td colspan=\"2\" width=\"589\">\n<p style=\"text-align: center;\">El normograma contiene las normas externas como leyes, decretos, acuerdos, circulares, resoluciones que afectan la gesti\u00f3n de la entidad y las normas internas como reglamentos, estatutos, manuales y, en general, todos los actos administrativos de inter\u00e9s para la entidad que permiten identificar las competencias, responsabilidades y funciones de las dependencias de la organizaci\u00f3n..<\/p>\n<p style=\"text-align: center;\"><a href=\"https:\/\/hsdp.gov.co\/portal\/ley-de-transparencia\/4-normatividad\/decreto-unico-reglamentario\/\">\u200b\u200b\u200b\u200b\u200b\u200b\u200b\u200b\u200b\u200b\u200b\u200b\u200b\u200b\u200b\u200b\u200b\u200b\u200b\u200b\u200b\u200b\u200bDecreto 780 de 2016<\/a><br \/><a href=\"https:\/\/hsdp.gov.co\/portal\/ley-de-transparencia\/4-normatividad\/decreto-unico-reglamentario\/\">Decreto \u00danico Reglamentario del Sector Salud y Protecci\u00f3n Social<\/a><\/p>\n<p style=\"text-align: center;\"><b>MARCO NORMATIVO PARA LA <\/b><span style=\"font-size: 14.4px;\"><b>PRESTACI\u00d3N<\/b><\/span><b> DE SERVICIOS DE SALUD A LA <\/b><span style=\"font-size: 14.4px;\"><b>POBLACI\u00d3N<\/b><\/span><b> POBRE NO ASEGURADA MUNICIPAL.<\/b><\/p>\n<\/td>\n<\/tr>\n<tr>\n<td width=\"294\">\n<p><a href=\"http:\/\/www.secretariasenado.gov.co\/senado\/basedoc\/constitucion_politica_1991.html\"><strong>CONSTITUCION POLITICA DE COLOMBIA <\/strong><\/a><\/p>\n<\/td>\n<td width=\"294\">\n<p>En su art\u00edculo 49 ha dispuesto que la atenci\u00f3n en salud es un servicio p\u00fablico a cargo del Estado, al que Ie corresponde garantizar a todas las personas el acceso a los servicios de promoci\u00f3n, protecci\u00f3n y recuperaci\u00f3n de la salud.<\/p>\n<\/td>\n<\/tr>\n<tr>\n<td width=\"294\">\n<p><a href=\"http:\/\/www.secretariasenado.gov.co\/senado\/basedoc\/ley_0100_1993.html\"><strong>LEY 100 DE 1993<\/strong><\/a><\/p>\n<\/td>\n<td width=\"294\">\n<p>En su art\u00edculo 238 define que las Direcciones Seccionales y Locales de Salud garantizaran la celebraci\u00f3n de contratos de compraventa de servicios con los hospitales para atender la poblaci\u00f3n que se le asigne.<\/p>\n<p>\u00a0<\/p>\n<p>En el literal B del art\u00edculo 157 de la Ley 100 de 1993, dispone que los participantes vinculados son aquellas personas que por motivos de incapacidad de pago y mientras logren ser beneficiarios del R\u00e9gimen Subsidiado tendr\u00e1n derecho a los servicios de atenci\u00f3n en salud que prestan las instituciones p\u00fablicas y aquellas privadas que tengan contrato con el Estado<\/p>\n<p>\u00a0<\/p>\n<p>Que los servicios de salud a nivel territorial deber\u00e1n prestarse mediante la integraci\u00f3n de redes que permitan la articulaci\u00f3n de las unidades prestadoras de servicios de salud, Ia utilizaci\u00f3n adecuada de Ia oferta en salud y la racionalizaci\u00f3n del costo de las atenciones en beneficio de la poblaci\u00f3n, as\u00ed como Ia optimizaci\u00f3n de la infraestructura que la soporta<\/p>\n<\/td>\n<\/tr>\n<tr>\n<td width=\"294\">\n<p><a href=\"https:\/\/www.minsalud.gov.co\/sites\/rid\/Lists\/BibliotecaDigital\/RIDE\/DE\/DIJ\/ley-1122-de-2007.pdf\"><strong>LEY 1122 DE 2007<\/strong><\/a><\/p>\n<\/td>\n<td width=\"294\">\n<p>Que la Ley 1122 de 9 de enero de 2007 en materia de atenci\u00f3n en salud a Ia poblaci\u00f3n pobre en lo no cubierto por subsidios a Ia demanda, dispone en su art\u00edculo 20: &#8220;Las Entidades territoriales contrataran con Empresas Sociales del Estado debidamente habilitadas, la atenci\u00f3n de la poblaci\u00f3n pobre no asegurada y lo no cubierto por subsidios a la demanda.<\/p>\n<\/td>\n<\/tr>\n<tr>\n<td width=\"294\">\n<p><a href=\"https:\/\/www.minsalud.gov.co\/Normatividad_Nuevo\/LEY%201438%20DE%202011.pdf\"><strong>LEY 1438 DE 2011<\/strong><\/a><\/p>\n<\/td>\n<td width=\"294\">\n<p>Que en su art\u00edculo 5 dispone como competencia adicional de la administraci\u00f3n p\u00fablica cofinanciar la afiliaci\u00f3n al R\u00e9gimen Subsidiado de la poblaci\u00f3n pobre y vulnerable.<\/p>\n<\/td>\n<\/tr>\n<tr>\n<td width=\"294\">\n<p><a href=\"http:\/\/www.secretariasenado.gov.co\/senado\/basedoc\/ley_1450_2011.html\"><strong>LEY 1450 DE 2011<\/strong><\/a><\/p>\n<\/td>\n<td width=\"294\">\n<p>Que el inciso primero del Articulo 157 se\u00f1ala que: el pago que las entidades territoriales competentes realicen a las IPS p\u00fablicas o privadas, por la prestaci\u00f3n del servicio de salud a la poblaci\u00f3n pobre no afiliada y aquellos afiliados en lo no cubierto con subsidios a la demanda, deber\u00e1 soportarse en la compra de servicios de salud mediante modalidades de pago que sean consistentes con la cantidad y valor de los servicios efectivamente prestados, en los t\u00e9rminos convenidos en los respectivos contratos.<\/p>\n<\/td>\n<\/tr>\n<tr>\n<td width=\"294\">\n<p><a href=\"https:\/\/www.mineducacion.gov.co\/1621\/articles-86098_archivo_pdf.pdf\"><strong>LEY 715 DE 2001<\/strong><\/a><\/p>\n<\/td>\n<td width=\"294\">\n<p>Que en su art\u00edculo 44, referente a la competencia de los municipios, se ha se\u00f1alado la de &#8221; Gestionar y supervisar el acceso a la prestaci\u00f3n de los servicios de salud para la poblaci\u00f3n de su jurisdicci\u00f3n&#8221;.<\/p>\n<\/td>\n<\/tr>\n<tr>\n<td width=\"294\">\n<p><a href=\"https:\/\/www.minsalud.gov.co\/Normatividad_Nuevo\/Resoluci%C3%B3n%202003%20de%202014.pdf\"><strong>RESOLUCION 2003\/2014<\/strong><\/a><\/p>\n<p><strong>\u00a0<\/strong><\/p>\n<\/td>\n<td width=\"294\">\n<p>Por la cual se definen los procedimientos y condiciones de inscripci\u00f3n de los<\/p>\n<p>Prestadores de Servicios de Salud y de habilitaci\u00f3n de servicios de salud<\/p>\n<\/td>\n<\/tr>\n<tr>\n<td width=\"294\">\n<p><a href=\"https:\/\/www.minsalud.gov.co\/Normatividad_Nuevo\/RESOLUCI%C3%93N%201995%20DE%201999.pdf\"><strong>RESOLUCION 1995\/1999<\/strong><\/a><\/p>\n<p><strong>\u00a0<\/strong><\/p>\n<\/td>\n<td width=\"294\">\n<p>Por la cual se establecen normas para el manejo de la Historia Cl\u00ednica<\/p>\n<\/td>\n<\/tr>\n<tr>\n<td width=\"294\">\n<p><a href=\"http:\/\/www.saludcolombia.com\/actual\/htmlnormas\/Res412_00.htm\"><strong>RESOLUCION 412\/2000<\/strong><\/a><\/p>\n<p><strong>\u00a0<\/strong><\/p>\n<\/td>\n<td width=\"294\">\n<p>Por la cual se establecen las actividades, procedimientos e intervenciones de demanda inducida y obligatorio cumplimiento y se adoptan las normas t\u00e9cnicas y gu\u00edas de atenci\u00f3n para el desarrollo de las acciones de protecci\u00f3n espec\u00edfica y detecci\u00f3n temprana y la atenci\u00f3n de enfermedades de inter\u00e9s en salud p\u00fablica.<\/p>\n<\/td>\n<\/tr>\n<tr>\n<td width=\"294\">\n<p><a href=\"https:\/\/www.minsalud.gov.co\/Normatividad_Nuevo\/Resoluci%C3%B3n%20No.%203280%20de%2020183280.pdf\"><strong>RESOLUCION 3280\/2018<\/strong><\/a><\/p>\n<p><strong>\u00a0<\/strong><\/p>\n<\/td>\n<td width=\"294\">\n<p>Por medio de la cual se adoptan los lineamientos t\u00e9cnicos y operativos de la Ruta Integral de Atenci\u00f3n para la Promoci\u00f3n y Mantenimiento de la Salud y la Ruta Integral de Atenci\u00f3n en Salud para la Poblaci\u00f3n Materno Perinatal y se establecen las directrices para su operaci\u00f3n<\/p>\n<\/td>\n<\/tr>\n<tr>\n<td width=\"294\">\n<p><a href=\"https:\/\/cuentadealtocosto.org\/site\/images\/Publicaciones\/Normatividad2018\/Resoluci%C3%B3n%20No.5269%20de%202017.pdf\"><strong>RESOLUCION 5269\/2017<\/strong><\/a><\/p>\n<p><strong>\u00a0<\/strong><\/p>\n<\/td>\n<td width=\"294\">\n<p>Tiene por objeto actualizar integralmente el Plan de Beneficios en Salud con cargo a la UPC, como mecanismo de protecci\u00f3n colectiva, y establecer las coberturas de los servicios y tecnolog\u00edas en salud que deber\u00e1n ser garantizados por las EPS en el territorio nacional.<\/p>\n<\/td>\n<\/tr>\n<tr>\n<td width=\"294\">\n<p><a href=\"http:\/\/www.corteconstitucional.gov.co\/relatoria\/2008\/T-760-08.htm\"><strong>SENTENCIA T760\/2008 CC<\/strong><\/a><\/p>\n<p><strong>\u00a0<\/strong><\/p>\n<\/td>\n<td width=\"294\">\n<p>DERECHO FUNDAMENTAL A LA SALUD-Comprende, entre otros, el derecho a acceder a servicios de salud de manera oportuna, eficaz y con calidad<\/p>\n<\/td>\n<\/tr>\n<tr>\n<td width=\"294\">\n<p><a href=\"http:\/\/www.saludcapital.gov.co\/Documents\/Decreto-4747-de-2007.pdf\"><strong>DECRETO 4747\/2007<\/strong><\/a><\/p>\n<p><strong>\u00a0<\/strong><\/p>\n<\/td>\n<td width=\"294\">\n<p>Por medio del cual se regulan algunos aspectos de las relaciones entre los prestadores de servicios de salud y las entidades responsables del pago de los servicios de salud de la poblaci\u00f3n a su cargo, y se dictan otras disposiciones<\/p>\n<\/td>\n<\/tr>\n<tr>\n<td width=\"294\">\n<p><a href=\"http:\/\/www.saludcapital.gov.co\/documents\/Resolucion_3047_2008.pdf\"><strong>RESOLUCION 3047\/2008<\/strong><\/a><\/p>\n<p><strong>\u00a0<\/strong><\/p>\n<\/td>\n<td width=\"294\">\n<p>Por medio de la cual se definen los formatos, mecanismos de env\u00edo, procedimientos y t\u00e9rminos a ser implementados en las relaciones entre<\/p>\n<p>prestadores de servicios de salud y entidades responsables del pago de servicios de salud, definidos en el Decreto 4747 de 2007<\/p>\n<\/td>\n<\/tr>\n<\/tbody>\n<\/table>\n\n<\/div><\/div>\n\n<\/div>\n\n","protected":false},"excerpt":{"rendered":"","protected":false},"author":1,"featured_media":0,"parent":696,"menu_order":0,"comment_status":"closed","ping_status":"closed","template":"","meta":{"footnotes":""},"_links":{"self":[{"href":"https:\/\/hsdp.gov.co\/portal\/wp-json\/wp\/v2\/pages\/1387"}],"collection":[{"href":"https:\/\/hsdp.gov.co\/portal\/wp-json\/wp\/v2\/pages"}],"about":[{"href":"https:\/\/hsdp.gov.co\/portal\/wp-json\/wp\/v2\/types\/page"}],"author":[{"embeddable":true,"href":"https:\/\/hsdp.gov.co\/portal\/wp-json\/wp\/v2\/users\/1"}],"replies":[{"embeddable":true,"href":"https:\/\/hsdp.gov.co\/portal\/wp-json\/wp\/v2\/comments?post=1387"}],"version-history":[{"count":30,"href":"https:\/\/hsdp.gov.co\/portal\/wp-json\/wp\/v2\/pages\/1387\/revisions"}],"predecessor-version":[{"id":12640,"href":"https:\/\/hsdp.gov.co\/portal\/wp-json\/wp\/v2\/pages\/1387\/revisions\/12640"}],"up":[{"embeddable":true,"href":"https:\/\/hsdp.gov.co\/portal\/wp-json\/wp\/v2\/pages\/696"}],"wp:attachment":[{"href":"https:\/\/hsdp.gov.co\/portal\/wp-json\/wp\/v2\/media?parent=1387"}],"curies":[{"name":"wp","href":"https:\/\/api.w.org\/{rel}","templated":true}]}}