{"id":12220,"date":"2024-12-13T10:57:14","date_gmt":"2024-12-13T15:57:14","guid":{"rendered":"https:\/\/hsdp.gov.co\/portal\/?page_id=12220"},"modified":"2025-11-25T11:37:17","modified_gmt":"2025-11-25T16:37:17","slug":"radiologia-e-imagenes-diagnosticas","status":"publish","type":"page","link":"https:\/\/hsdp.gov.co\/portal\/radiologia-e-imagenes-diagnosticas\/","title":{"rendered":"Radiolog\u00eda e im\u00e1genes diagn\u00f3sticas"},"content":{"rendered":"\n<div class=\"container section-title-container\" ><h3 class=\"section-title section-title-center\"><b><\/b><span class=\"section-title-main\" style=\"color:rgb(88, 178, 109);\">1. Radiolog\u00eda e im\u00e1genes diagn\u00f3sticas<\/span><b><\/b><\/h3><\/div><!-- .section-title -->\n\n<p style=\"text-align: center;\">Obtener im\u00e1genes del paciente para efectos diagn\u00f3sticos y terap\u00e9uticos, mediante la utilizaci\u00f3n de ondas del espectro electromagn\u00e9tico y de otras fuentes de energ\u00eda.<\/p>\n<div class=\"row\"  id=\"row-236617643\">\n\n<div class=\"col medium-6 small-12 large-6\"  ><div class=\"col-inner\"  >\n\n<h5><span style=\"color: #003366;\">1.1. Reunir los documentos y cumplir con las condiciones establecidas<\/span><\/h5>\n<p>1.1.1\u00a0 Documento de identidad para mayores de edad <br \/>1.1.2\u00a0 Tarjeta de identidad para menores de 18 a\u00f1os y mayores de 7 a\u00f1os <br \/>1.1.3\u00a0 Registro civil de nacimiento para menores de 7 a\u00f1os <br \/>1.1.4\u00a0 Orden m\u00e9dica con la solicitud del examen vigente <br \/>1.1.5\u00a0 Cedula de Extranjer\u00eda o PT<\/p>\n<h5><span style=\"color: #003366;\">1.2 Solicitar la cita<\/span><\/h5>\n<p>1.2.1 Canal de atenci\u00f3n presencial: para mayores de 60 a\u00f1os en facturaci\u00f3n <br \/>central 1 piso en el punto indicado por la instituci\u00f3n <br \/>1.2.2 Canal telef\u00f3nica seg\u00fan l\u00ednea asignada <br \/>1.2.3 Canal WhatsApp seg\u00fan l\u00ednea asignada <br \/>1.2.4 Se brinda educaci\u00f3n acerca de la preparaci\u00f3n para la toma del examen en el momento <br \/>1.2.5 Se recomienda traer un CD al momento de la toma<\/p>\n\n<\/div><\/div>\n<div class=\"col medium-6 small-12 large-6\"  ><div class=\"col-inner\"  >\n\n<div>\n<h5><span style=\"color: #003366;\">1.3 Realizar la cancelaci\u00f3n de la cita en caso de no poder asistir<\/span><\/h5>\n<p>1.3.1 Canal de atenci\u00f3n presencial: para mayores de 60 a\u00f1os en facturaci\u00f3n central 1 piso punto indicado por la instituci\u00f3n <br \/>1.3.2 Canal telef\u00f3nica seg\u00fan l\u00ednea asignada <br \/>1.3.3 Canal WhatsApp segu\u00edan l\u00ednea asignada<\/p>\n<p><span style=\"color: #003366;\">1.4 Asistir a la toma de los ex\u00e1menes en la fecha y hora programada.<\/span><\/p>\n<\/div>\n<p>1.4.1 Presencial en el segundo piso en el punto de atenci\u00f3n indicado por la Instituci\u00f3n <br \/>1.4.2 Horario: lunes a viernes de 7:00 a.m. a 11:30 a.m. \u2013 2:00 p.m. a 5:00 p.m. <br \/>1.4.3 Nota: para la realizaci\u00f3n del examen es necesario que el usuario traiga un CD para guardar el resultado <br \/>1.4.4 Asistir con la preparaci\u00f3n indicada al momento del examen <br \/>1.4.5 Mayores de 60 a\u00f1os, ni\u00f1os, usuarios con alg\u00fan tipo de discapacidad se sugiere venir acompa\u00f1ado.<\/p>\n\n<\/div><\/div>\n\n<\/div>\n<a class=\"button primary\"  style=\"border-radius:99px;\">\n    <span>Medio para seguimiento del usuario<\/span>\n  <\/a>\n\n\n<ul>\n<li>Telef\u00f3nico:<\/li>\n<li>Horario de atenci\u00f3n: Lunes a viernes de 7:00 a.m. a 12:00 m y de 1:30 p.m. a 6:00 p.m.<\/li>\n<li>Presencial en los puntos de atenci\u00f3n indicados por la instituci\u00f3n.<\/li>\n<\/ul>\n\n","protected":false},"excerpt":{"rendered":"<p>Obtener im\u00e1genes del paciente para efectos diagn\u00f3sticos y terap\u00e9uticos, mediante la utilizaci\u00f3n de ondas del espectro electromagn\u00e9tico y de otras fuentes de energ\u00eda. Telef\u00f3nico: Horario de atenci\u00f3n: Lunes a viernes de 7:00 a.m. a 12:00 m y de 1:30 p.m. a 6:00 p.m. Presencial en los puntos de atenci\u00f3n indicados por la instituci\u00f3n.<\/p>\n","protected":false},"author":1,"featured_media":0,"parent":0,"menu_order":0,"comment_status":"closed","ping_status":"closed","template":"","meta":{"footnotes":""},"_links":{"self":[{"href":"https:\/\/hsdp.gov.co\/portal\/wp-json\/wp\/v2\/pages\/12220"}],"collection":[{"href":"https:\/\/hsdp.gov.co\/portal\/wp-json\/wp\/v2\/pages"}],"about":[{"href":"https:\/\/hsdp.gov.co\/portal\/wp-json\/wp\/v2\/types\/page"}],"author":[{"embeddable":true,"href":"https:\/\/hsdp.gov.co\/portal\/wp-json\/wp\/v2\/users\/1"}],"replies":[{"embeddable":true,"href":"https:\/\/hsdp.gov.co\/portal\/wp-json\/wp\/v2\/comments?post=12220"}],"version-history":[{"count":7,"href":"https:\/\/hsdp.gov.co\/portal\/wp-json\/wp\/v2\/pages\/12220\/revisions"}],"predecessor-version":[{"id":12684,"href":"https:\/\/hsdp.gov.co\/portal\/wp-json\/wp\/v2\/pages\/12220\/revisions\/12684"}],"wp:attachment":[{"href":"https:\/\/hsdp.gov.co\/portal\/wp-json\/wp\/v2\/media?parent=12220"}],"curies":[{"name":"wp","href":"https:\/\/api.w.org\/{rel}","templated":true}]}}