{"id":12189,"date":"2024-12-12T12:07:42","date_gmt":"2024-12-12T17:07:42","guid":{"rendered":"https:\/\/hsdp.gov.co\/portal\/?page_id=12189"},"modified":"2026-01-27T16:29:45","modified_gmt":"2026-01-27T21:29:45","slug":"terapia","status":"publish","type":"page","link":"https:\/\/hsdp.gov.co\/portal\/terapia\/","title":{"rendered":"Terapia"},"content":{"rendered":"\n<div class=\"container section-title-container\" ><h3 class=\"section-title section-title-center\"><b><\/b><span class=\"section-title-main\" style=\"color:rgb(88, 178, 109);\">3. Terapia<\/span><b><\/b><\/h3><\/div><!-- .section-title -->\n\n<p style=\"text-align: center;\">Acceder a tratamientos para la habilitaci\u00f3n o rehabilitaci\u00f3n integral del paciente<\/p>\n<div class=\"row\"  id=\"row-561031726\">\n\n<div class=\"col medium-6 small-12 large-6\"  ><div class=\"col-inner\"  >\n\n<h5><span style=\"color: #003366;\">3.1. Reunuir los documentos y cumplir con las condiciones establecidas<\/span><\/h5>\n<p>3.1.1 Orden m\u00e9dica vigente <br \/>3.1.2 Autorizaci\u00f3n de la EPS vigente<\/p>\n<h5><span style=\"color: #003366;\">3.2. Solicitar cita<\/span><\/h5>\n<p>3.2.1 Presencial: 2 piso en el punto indicado por la instituci\u00f3n de 7:00 a.m. a 11:30 a.m. a 2:00 p.m. a 5:30 p.m. <em data-start=\"374\" data-end=\"398\">(aplica para Pamplona)<\/em><br data-start=\"398\" data-end=\"401\" \/>3.2.2 Canal WhatsApp seg\u00fan l\u00ednea asignada <em data-start=\"443\" data-end=\"542\">(aplica para Terapia Ocupacional y Fonoaudiolog\u00eda (urbana y rural) y Terapia F\u00edsica (\u00e1rea rural))<\/em><br data-start=\"542\" data-end=\"545\" \/>3.2.3 Se brinda educaci\u00f3n con respecto a la terapia a realizar<br data-start=\"607\" data-end=\"610\" \/>3.2.4 Mayores de 60 a\u00f1os, ni\u00f1os, usuarios con alg\u00fan tipo de discapacidad se sugiere venir acompa\u00f1ado<\/p>\n<h5><span style=\"color: #003366;\">3.3. Realizar cancelaci\u00f3n de la cita<\/span><\/h5>\n<p>3.3.1 Presencial: 2 piso en el punto indicado por la instituci\u00f3n de 7:00 a.m. a 11:30 a.m. a 2:00 p.m. a 5:30 p.m.<br data-start=\"873\" data-end=\"876\" \/>3.3.2 Canal WhatsApp seg\u00fan l\u00ednea asignada <em data-start=\"918\" data-end=\"1017\">(aplica para Terapia Ocupacional y Fonoaudiolog\u00eda (urbana y rural) y Terapia F\u00edsica (\u00e1rea rural))<\/em><\/p>\n\n<\/div><\/div>\n<div class=\"col medium-6 small-12 large-6\"  ><div class=\"col-inner\"  >\n\n<div>\n<h5><span style=\"color: #003366;\">3.4. Asistir a la terap\u00eda en la fecha y hora programada<\/span><\/h5>\n<p>3.4.1 Asistir seg\u00fan horario programado<br data-start=\"1120\" data-end=\"1123\" \/>3.4.2 Asistir acompa\u00f1ado si es mayor de 60 a\u00f1os, si es menor de edad o con alg\u00fan tipo de discapacidad<br data-start=\"1224\" data-end=\"1227\" \/>3.4.3 Asistir con ropa c\u00f3moda si asiste a Terapia F\u00edsica<\/p>\n<\/div>\n<div>\n<h5><span style=\"color: #003366;\">3.5. Si el paciente recibi\u00f3 terapias en otra IPS y desea realizar el <br \/>cambio, para recibirlas en la ESE HSJDP, deber\u00e1 anexar los siguientes <br \/>documentos:<\/span><\/h5>\n<p>3.5.1 Orden M\u00e9dica vigente <br \/>3.5.2 Autorizaci\u00f3n vigente <br \/>3.5.3 Historia cl\u00ednica y\/o epicrisis <br \/>3.5.4 Apoyo diagn\u00f3stico (cd- radiograf\u00eda).<\/p>\n<\/div>\n<a class=\"button primary\"  style=\"border-radius:99px;\">\n    <span>Medio para seguimiento del usuario<\/span>\n  <\/a>\n\n\n<ul>\n<li>Direcci\u00f3n Carrera 9 No 5-01 BARRIO URSUA<\/li>\n<li>Ventanilla \u00danica: www.hsdp.gov.co<\/li>\n<li>Resultados pagina web: www.hsdp.gov.co<\/li>\n<li>Presencial: en los puntos de atenci\u00f3n indicados por la instituci\u00f3n<\/li>\n<\/ul>\n\n<\/div><\/div>\n\n<\/div>\n\n","protected":false},"excerpt":{"rendered":"<p>Acceder a tratamientos para la habilitaci\u00f3n o rehabilitaci\u00f3n integral del paciente<\/p>\n","protected":false},"author":1,"featured_media":0,"parent":0,"menu_order":0,"comment_status":"closed","ping_status":"closed","template":"","meta":{"footnotes":""},"_links":{"self":[{"href":"https:\/\/hsdp.gov.co\/portal\/wp-json\/wp\/v2\/pages\/12189"}],"collection":[{"href":"https:\/\/hsdp.gov.co\/portal\/wp-json\/wp\/v2\/pages"}],"about":[{"href":"https:\/\/hsdp.gov.co\/portal\/wp-json\/wp\/v2\/types\/page"}],"author":[{"embeddable":true,"href":"https:\/\/hsdp.gov.co\/portal\/wp-json\/wp\/v2\/users\/1"}],"replies":[{"embeddable":true,"href":"https:\/\/hsdp.gov.co\/portal\/wp-json\/wp\/v2\/comments?post=12189"}],"version-history":[{"count":9,"href":"https:\/\/hsdp.gov.co\/portal\/wp-json\/wp\/v2\/pages\/12189\/revisions"}],"predecessor-version":[{"id":14590,"href":"https:\/\/hsdp.gov.co\/portal\/wp-json\/wp\/v2\/pages\/12189\/revisions\/14590"}],"wp:attachment":[{"href":"https:\/\/hsdp.gov.co\/portal\/wp-json\/wp\/v2\/media?parent=12189"}],"curies":[{"name":"wp","href":"https:\/\/api.w.org\/{rel}","templated":true}]}}