{"id":12182,"date":"2024-12-12T11:50:16","date_gmt":"2024-12-12T16:50:16","guid":{"rendered":"https:\/\/hsdp.gov.co\/portal\/?page_id=12182"},"modified":"2025-05-12T11:17:01","modified_gmt":"2025-05-12T16:17:01","slug":"urgencias-4","status":"publish","type":"page","link":"https:\/\/hsdp.gov.co\/portal\/urgencias-4\/","title":{"rendered":"Servicio de Urgencias"},"content":{"rendered":"\n<div class=\"row\"  id=\"row-1827409870\">\n\n<div class=\"col small-12 large-12\"  ><div class=\"col-inner\"  >\n\n<div class=\"container section-title-container\" ><h3 class=\"section-title section-title-center\"><b><\/b><span class=\"section-title-main\" style=\"color:rgb(210, 59, 59);\">2 Servicio de urgencias<\/span><b><\/b><\/h3><\/div><!-- .section-title -->\n\n<p style=\"text-align: center;\">Atenci\u00f3n de personas que requieren de la protecci\u00f3n inmediata por presentar alteraci\u00f3n de la integridad f\u00edsica, funcional y\/o ps\u00edquica por cualquier causa, con diversos grados de severidad que comprometen la vida o funcionalidad de la persona.<\/p>\n\n<\/div><\/div>\n\n<\/div>\n<div class=\"row\"  id=\"row-556626166\">\n\n<div class=\"col medium-6 small-12 large-6\"  ><div class=\"col-inner\"  >\n\n<h5><span style=\"color: #d83131;\">2.1 Reunir los documentos y cumplir con las condiciones establecidas <\/span><\/h5>\n<p>2.1.1. Documento de identidad para mayores de edad <br \/>2.1.2. Tarjeta de identidad para menores de 18 a\u00f1os y mayores de 7 a\u00f1os <br \/>2.1.3. Registro civil de nacimiento para menores de 7 a\u00f1os <br \/>2.1.4. C\u00e9dula de Extranjer\u00eda o PT<\/p>\n<h5><span style=\"color: #d83131;\">2.2 Asistir al servicio de urgencias<\/span><\/h5>\n<p>2.2.1 Presencial en el \u00e1rea de atenci\u00f3n por urgencias 1 piso de la Instituci\u00f3n <br \/>2.2.2 Horario de atenci\u00f3n: 7 d\u00edas a la semana, atenci\u00f3n las 24 horas del d\u00eda <br \/>2.2.3 Mayores de 60 a\u00f1os, ni\u00f1os, usuarios con alg\u00fan tipo de discapacidad se sugiere venir acompa\u00f1ado<\/p>\n\n<\/div><\/div>\n<div class=\"col medium-6 small-12 large-6\"  ><div class=\"col-inner\"  >\n\n<h5><span style=\"color: #d83131;\">3 Cumplir condiciones<\/span><\/h5>\n<p>2.3.1 Acceder al servicio cuando lo necesite<\/p>\n<a class=\"button primary expand\"  style=\"border-radius:99px;\">\n    <span>Medio para seguimiento  del usuario<\/span>\n  <\/a>\n\n\n<ul>\n<li>Celular: (57) 3112117003, Horario de atenci\u00f3n: 24 horas<\/li>\n<li>Telef\u00f3nico: (57) (607) 5681431, Horario de atenci\u00f3n: 24 horas<\/li>\n<li>Presencial en los puntos de atenci\u00f3n indicados por la instituci\u00f3n<\/li>\n<\/ul>\n\n<\/div><\/div>\n\n<\/div>\n\n","protected":false},"excerpt":{"rendered":"","protected":false},"author":1,"featured_media":0,"parent":0,"menu_order":0,"comment_status":"closed","ping_status":"closed","template":"","meta":{"footnotes":""},"_links":{"self":[{"href":"https:\/\/hsdp.gov.co\/portal\/wp-json\/wp\/v2\/pages\/12182"}],"collection":[{"href":"https:\/\/hsdp.gov.co\/portal\/wp-json\/wp\/v2\/pages"}],"about":[{"href":"https:\/\/hsdp.gov.co\/portal\/wp-json\/wp\/v2\/types\/page"}],"author":[{"embeddable":true,"href":"https:\/\/hsdp.gov.co\/portal\/wp-json\/wp\/v2\/users\/1"}],"replies":[{"embeddable":true,"href":"https:\/\/hsdp.gov.co\/portal\/wp-json\/wp\/v2\/comments?post=12182"}],"version-history":[{"count":5,"href":"https:\/\/hsdp.gov.co\/portal\/wp-json\/wp\/v2\/pages\/12182\/revisions"}],"predecessor-version":[{"id":12670,"href":"https:\/\/hsdp.gov.co\/portal\/wp-json\/wp\/v2\/pages\/12182\/revisions\/12670"}],"wp:attachment":[{"href":"https:\/\/hsdp.gov.co\/portal\/wp-json\/wp\/v2\/media?parent=12182"}],"curies":[{"name":"wp","href":"https:\/\/api.w.org\/{rel}","templated":true}]}}